CRAN Package Check Results for Package dreamerr

Last updated on 2023-06-02 22:01:11 CEST.

Flavor Version Tinstall Tcheck Ttotal Status Flags
r-devel-linux-x86_64-debian-clang 1.2.3 7.82 48.50 56.32 NOTE
r-devel-linux-x86_64-debian-gcc 1.2.3 6.31 37.41 43.72 NOTE
r-devel-linux-x86_64-fedora-clang 1.2.3 70.59 NOTE
r-devel-linux-x86_64-fedora-gcc 1.2.3 78.73 NOTE
r-devel-windows-x86_64 1.2.3 6.00 60.00 66.00 NOTE
r-patched-linux-x86_64 1.2.3 NOTE
r-release-linux-x86_64 1.2.3 6.30 46.81 53.11 NOTE
r-release-macos-arm64 1.2.3 28.00 NOTE
r-release-macos-x86_64 1.2.3 47.00 NOTE
r-release-windows-x86_64 1.2.3 7.00 64.00 71.00 NOTE
r-oldrel-macos-arm64 1.2.3 24.00 NOTE
r-oldrel-macos-x86_64 1.2.3 32.00 NOTE
r-oldrel-windows-x86_64 1.2.3 10.00 60.00 70.00 NOTE

Check Details

Version: 1.2.3
Check: LazyData
Result: NOTE
     'LazyData' is specified without a 'data' directory
Flavors: r-devel-linux-x86_64-debian-clang, r-devel-linux-x86_64-debian-gcc, r-devel-linux-x86_64-fedora-clang, r-devel-linux-x86_64-fedora-gcc, r-devel-windows-x86_64, r-patched-linux-x86_64, r-release-linux-x86_64, r-release-macos-arm64, r-release-macos-x86_64, r-release-windows-x86_64, r-oldrel-macos-arm64, r-oldrel-macos-x86_64, r-oldrel-windows-x86_64