CRAN Package Check Results for Package dreamerr

Last updated on 2021-10-18 13:53:54 CEST.

Flavor Version Tinstall Tcheck Ttotal Status Flags
r-devel-linux-x86_64-debian-clang 1.2.3 7.65 43.99 51.64 NOTE
r-devel-linux-x86_64-debian-gcc 1.2.3 6.09 33.62 39.71 NOTE
r-devel-linux-x86_64-fedora-clang 1.2.3 73.87 NOTE
r-devel-linux-x86_64-fedora-gcc 1.2.3 62.38 NOTE
r-devel-windows-x86_64 1.2.3 12.00 64.00 76.00 NOTE
r-devel-windows-x86_64-gcc10-UCRT 1.2.3 NOTE
r-patched-linux-x86_64 1.2.3 7.26 42.98 50.24 NOTE
r-patched-solaris-x86 1.2.3 80.70 NOTE
r-release-linux-x86_64 1.2.3 7.18 43.26 50.44 NOTE
r-release-macos-arm64 1.2.3 NOTE
r-release-macos-x86_64 1.2.3 NOTE
r-release-windows-ix86+x86_64 1.2.3 10.00 62.00 72.00 NOTE
r-oldrel-macos-x86_64 1.2.3 OK
r-oldrel-windows-ix86+x86_64 1.2.3 13.00 64.00 77.00 OK

Check Details

Version: 1.2.3
Check: LazyData
Result: NOTE
     'LazyData' is specified without a 'data' directory
Flavors: r-devel-linux-x86_64-debian-clang, r-devel-linux-x86_64-debian-gcc, r-devel-linux-x86_64-fedora-clang, r-devel-linux-x86_64-fedora-gcc, r-devel-windows-x86_64, r-devel-windows-x86_64-gcc10-UCRT, r-patched-linux-x86_64, r-patched-solaris-x86, r-release-linux-x86_64, r-release-macos-arm64, r-release-macos-x86_64, r-release-windows-ix86+x86_64