CRAN Package Check Results for Package dragracer

Last updated on 2024-04-24 18:52:37 CEST.

Flavor Version Tinstall Tcheck Ttotal Status Flags
r-devel-linux-x86_64-debian-clang 0.1.7 1.81 28.94 30.75 OK
r-devel-linux-x86_64-debian-gcc 0.1.7 1.59 22.34 23.93 OK
r-devel-linux-x86_64-fedora-clang 0.1.7 40.45 NOTE
r-devel-linux-x86_64-fedora-gcc 0.1.7 50.72 NOTE
r-devel-windows-x86_64 0.1.7 2.00 44.00 46.00 OK
r-patched-linux-x86_64 0.1.7 1.93 27.88 29.81 OK
r-release-linux-x86_64 0.1.7 1.88 26.14 28.02 OK
r-release-macos-arm64 0.1.7 24.00 OK
r-release-windows-x86_64 0.1.7 4.00 44.00 48.00 OK
r-oldrel-macos-arm64 0.1.7 19.00 OK
r-oldrel-macos-x86_64 0.1.7 33.00 OK
r-oldrel-windows-x86_64 0.1.7 2.00 45.00 47.00 OK

Check Details

Version: 0.1.7
Check: data for non-ASCII characters
Result: NOTE Note: found 103 marked UTF-8 strings Flavors: r-devel-linux-x86_64-fedora-clang, r-devel-linux-x86_64-fedora-gcc