Last updated on 2023-03-31 12:54:10 CEST.
Flavor | Version | Tinstall | Tcheck | Ttotal | Status | Flags |
---|---|---|---|---|---|---|
r-devel-linux-x86_64-debian-clang | 0.1.7 | 2.00 | 25.99 | 27.99 | OK | |
r-devel-linux-x86_64-debian-gcc | 0.1.7 | 1.64 | 20.62 | 22.26 | OK | |
r-devel-linux-x86_64-fedora-clang | 0.1.7 | 35.57 | NOTE | |||
r-devel-linux-x86_64-fedora-gcc | 0.1.7 | 45.80 | NOTE | |||
r-devel-windows-x86_64 | 0.1.7 | 17.00 | 60.00 | 77.00 | OK | |
r-patched-linux-x86_64 | 0.1.7 | 2.02 | 25.15 | 27.17 | OK | |
r-release-linux-x86_64 | 0.1.7 | 2.05 | 26.44 | 28.49 | OK | |
r-release-macos-arm64 | 0.1.7 | 17.00 | NOTE | |||
r-release-macos-x86_64 | 0.1.7 | 24.00 | NOTE | |||
r-release-windows-x86_64 | 0.1.7 | 18.00 | 63.00 | 81.00 | OK | |
r-oldrel-macos-arm64 | 0.1.7 | 17.00 | NOTE | |||
r-oldrel-macos-x86_64 | 0.1.7 | 43.00 | NOTE | |||
r-oldrel-windows-ix86+x86_64 | 0.1.7 | 5.00 | 61.00 | 66.00 | OK |
Version: 0.1.7
Check: data for non-ASCII characters
Result: NOTE
Note: found 103 marked UTF-8 strings
Flavors: r-devel-linux-x86_64-fedora-clang, r-devel-linux-x86_64-fedora-gcc, r-release-macos-arm64, r-release-macos-x86_64, r-oldrel-macos-arm64, r-oldrel-macos-x86_64