Last updated on 2023-03-22 12:53:45 CET.
Flavor | Version | Tinstall | Tcheck | Ttotal | Status | Flags |
---|---|---|---|---|---|---|
r-devel-linux-x86_64-debian-clang | 2.0.0 | 11.80 | 143.12 | 154.92 | NOTE | |
r-devel-linux-x86_64-debian-gcc | 2.0.0 | 10.18 | 106.61 | 116.79 | NOTE | |
r-devel-linux-x86_64-fedora-clang | 2.0.0 | 187.18 | NOTE | |||
r-devel-linux-x86_64-fedora-gcc | 2.0.0 | 191.47 | NOTE | |||
r-devel-windows-x86_64 | 2.0.0 | 47.00 | 185.00 | 232.00 | NOTE | |
r-patched-linux-x86_64 | 2.0.0 | 13.83 | 134.13 | 147.96 | OK | |
r-release-linux-x86_64 | 2.0.0 | 11.18 | 132.84 | 144.02 | OK | |
r-release-macos-arm64 | 2.0.0 | 51.00 | OK | |||
r-release-macos-x86_64 | 2.0.0 | 99.00 | OK | |||
r-release-windows-x86_64 | 2.0.0 | 55.00 | 184.00 | 239.00 | OK | |
r-oldrel-macos-arm64 | 2.0.0 | 67.00 | OK | |||
r-oldrel-macos-x86_64 | 2.0.0 | 75.00 | OK | |||
r-oldrel-windows-ix86+x86_64 | 2.0.0 | 27.00 | 170.00 | 197.00 | OK |
Version: 2.0.0
Check: Rd files
Result: NOTE
checkRd: (-1) confint.dr4pl.Rd:49: Escaped LaTeX specials: \&
checkRd: (-1) gof-dr4pl.Rd:40: Escaped LaTeX specials: \&
checkRd: (-1) vcov.dr4pl.Rd:61: Escaped LaTeX specials: \&
Flavors: r-devel-linux-x86_64-debian-clang, r-devel-linux-x86_64-debian-gcc, r-devel-linux-x86_64-fedora-clang, r-devel-linux-x86_64-fedora-gcc, r-devel-windows-x86_64