CRAN Package Check Results for Package downscaledl

Last updated on 2021-06-16 07:49:47 CEST.

Flavor Version Tinstall Tcheck Ttotal Status Flags
r-devel-linux-x86_64-debian-clang 1.0 32.45 39.57 72.02 NOTE
r-devel-linux-x86_64-debian-gcc 1.0 21.59 30.70 52.29 NOTE
r-devel-linux-x86_64-fedora-clang 1.0 101.64 NOTE
r-devel-linux-x86_64-fedora-gcc 1.0 84.58 NOTE
r-devel-windows-x86_64 1.0 40.00 70.00 110.00 NOTE
r-devel-windows-x86_64-gcc10-UCRT 1.0 NOTE
r-patched-linux-x86_64 1.0 24.44 38.34 62.78 NOTE
r-patched-solaris-x86 1.0 104.20 NOTE
r-release-linux-x86_64 1.0 24.93 37.40 62.33 NOTE
r-release-macos-arm64 1.0 NOTE
r-release-macos-x86_64 1.0 NOTE
r-release-windows-ix86+x86_64 1.0 75.00 91.00 166.00 NOTE
r-oldrel-macos-x86_64 1.0 NOTE
r-oldrel-windows-ix86+x86_64 1.0 75.00 95.00 170.00 OK

Check Details

Version: 1.0
Check: LazyData
Result: NOTE
     'LazyData' is specified without a 'data' directory
Flavors: r-devel-linux-x86_64-debian-clang, r-devel-linux-x86_64-debian-gcc, r-devel-linux-x86_64-fedora-clang, r-devel-linux-x86_64-fedora-gcc, r-devel-windows-x86_64, r-devel-windows-x86_64-gcc10-UCRT, r-patched-linux-x86_64, r-patched-solaris-x86, r-release-linux-x86_64, r-release-macos-arm64, r-release-macos-x86_64, r-release-windows-ix86+x86_64

Version: 1.0
Check: dependencies in R code
Result: NOTE
    Namespaces in Imports field not imported from:
     ‘dplyr’ ‘parallel’ ‘rgdal’ ‘sp’ ‘tensorflow’
     All declared Imports should be used.
Flavors: r-devel-linux-x86_64-fedora-clang, r-devel-linux-x86_64-fedora-gcc, r-devel-windows-x86_64-gcc10-UCRT, r-patched-solaris-x86, r-release-macos-arm64, r-release-macos-x86_64, r-oldrel-macos-x86_64