CRAN Package Check Results for Package downscale

Last updated on 2024-05-20 21:54:14 CEST.

Flavor Version Tinstall Tcheck Ttotal Status Flags
r-devel-linux-x86_64-debian-clang 5.0.0 26.14 493.82 519.96 NOTE
r-devel-linux-x86_64-debian-gcc 5.0.0 24.21 336.31 360.52 NOTE
r-devel-linux-x86_64-fedora-clang 5.0.0 624.47 NOTE
r-devel-linux-x86_64-fedora-gcc 5.0.0 596.09 NOTE
r-devel-windows-x86_64 5.0.0 21.00 282.00 303.00 NOTE
r-patched-linux-x86_64 5.0.0 29.13 460.10 489.23 NOTE
r-release-linux-x86_64 5.0.0 23.49 462.75 486.24 NOTE
r-release-macos-arm64 5.0.0 136.00 NOTE
r-release-windows-x86_64 5.0.0 22.00 282.00 304.00 NOTE
r-oldrel-macos-arm64 5.0.0 141.00 OK
r-oldrel-macos-x86_64 5.0.0 287.00 OK
r-oldrel-windows-x86_64 5.0.0 32.00 393.00 425.00 OK

Check Details

Version: 5.0.0
Check: Rd files
Result: NOTE checkRd: (-1) downscale.Rd:9: Lost braces; missing escapes or markup? 9 | \item{occupancies}{Either a data frame containing two columns or an object of class \code{"upgrain"} from the \code{\link{upgrain}} function. If using a data frame the first column must be the grain sizes (cell area in squared units e.g. km^{2}). The second column is the proportion of occupancies at each grain size.} | ^ checkRd: (-1) ensemble.downscale.Rd:13: Lost braces; missing escapes or markup? 13 | \item{new.areas}{vector of grain sizes (in squared units e.g. km^{2}) for which area of occupancy will be predicted.} | ^ checkRd: (-1) hui.downscale.Rd:13: Lost braces; missing escapes or markup? 13 | \item{new.areas}{vector of grain sizes as cell area (in same units as cell.width but squared e.g. km^{2}) at fine scales for model prediction.} | ^ checkRd: (-1) predict.downscale.Rd:10: Lost braces; missing escapes or markup? 10 | \item{new.areas}{vector of grain sizes (in squared units e.g. km^{2}) for which area of occupancy will be predicted.} | ^ Flavors: r-devel-linux-x86_64-debian-clang, r-devel-linux-x86_64-debian-gcc, r-devel-linux-x86_64-fedora-clang, r-devel-linux-x86_64-fedora-gcc, r-devel-windows-x86_64, r-patched-linux-x86_64, r-release-linux-x86_64, r-release-macos-arm64, r-release-windows-x86_64