CRAN Package Check Results for Package downloadthis

Last updated on 2022-11-30 20:55:12 CET.

Flavor Version Tinstall Tcheck Ttotal Status Flags
r-devel-linux-x86_64-debian-clang 0.3.2 3.03 49.08 52.11 OK
r-devel-linux-x86_64-debian-gcc 0.3.2 2.22 38.11 40.33 OK
r-devel-linux-x86_64-fedora-clang 0.3.2 73.62 NOTE
r-devel-linux-x86_64-fedora-gcc 0.3.2 71.54 OK
r-devel-windows-x86_64 0.3.2 30.00 96.00 126.00 NOTE
r-patched-linux-x86_64 0.3.2 2.81 45.83 48.64 OK
r-release-linux-x86_64 0.3.2 2.72 42.25 44.97 OK
r-release-macos-arm64 0.3.2 25.00 NOTE
r-release-macos-x86_64 0.3.2 38.00 NOTE
r-release-windows-x86_64 0.3.2 39.00 102.00 141.00 NOTE
r-oldrel-macos-arm64 0.3.2 29.00 NOTE
r-oldrel-macos-x86_64 0.3.2 39.00 NOTE
r-oldrel-windows-ix86+x86_64 0.3.2 9.00 71.00 80.00 NOTE

Check Details

Version: 0.3.2
Check: installed package size
Result: NOTE
     installed size is 5.3Mb
     sub-directories of 1Mb or more:
     assets 2.9Mb
     doc 2.1Mb
Flavors: r-devel-linux-x86_64-fedora-clang, r-devel-windows-x86_64, r-release-macos-arm64, r-release-macos-x86_64, r-release-windows-x86_64, r-oldrel-macos-arm64, r-oldrel-macos-x86_64, r-oldrel-windows-ix86+x86_64