CRAN Package Check Results for Package dotwhisker

Last updated on 2021-10-20 07:49:44 CEST.

Flavor Version Tinstall Tcheck Ttotal Status Flags
r-devel-linux-x86_64-debian-clang 0.7.4 6.97 144.75 151.72 OK
r-devel-linux-x86_64-debian-gcc 0.7.4 5.25 106.05 111.30 OK
r-devel-linux-x86_64-fedora-clang 0.7.4 194.45 NOTE
r-devel-linux-x86_64-fedora-gcc 0.7.4 180.41 OK
r-devel-windows-x86_64 0.7.4 15.00 170.00 185.00 OK
r-devel-windows-x86_64-gcc10-UCRT 0.7.4 OK
r-patched-linux-x86_64 0.7.4 11.39 130.70 142.09 OK
r-patched-solaris-x86 0.7.4 182.00 OK
r-release-linux-x86_64 0.7.4 5.08 129.89 134.97 OK
r-release-macos-arm64 0.7.4 OK
r-release-macos-x86_64 0.7.4 OK
r-release-windows-ix86+x86_64 0.7.4 25.00 182.00 207.00 OK
r-oldrel-macos-x86_64 0.7.4 OK
r-oldrel-windows-ix86+x86_64 0.7.4 27.00 168.00 195.00 OK

Check Details

Version: 0.7.4
Check: Rd cross-references
Result: NOTE
    Undeclared package ‘broomExtra’ in Rd xrefs
Flavor: r-devel-linux-x86_64-fedora-clang