CRAN Package Check Results for Package dobin

Last updated on 2021-11-26 19:52:48 CET.

Flavor Version Tinstall Tcheck Ttotal Status Flags
r-devel-linux-x86_64-debian-clang 1.0.2 1.98 56.81 58.79 NOTE
r-devel-linux-x86_64-debian-gcc 1.0.2 1.60 44.85 46.45 NOTE
r-devel-linux-x86_64-fedora-clang 1.0.2 84.12 NOTE
r-devel-linux-x86_64-fedora-gcc 1.0.2 70.72 NOTE
r-devel-windows-x86_64-new-UL 1.0.2 6.00 99.00 105.00 NOTE
r-devel-windows-x86_64-new-TK 1.0.2 NOTE
r-devel-windows-x86_64-old 1.0.2 4.00 82.00 86.00 NOTE
r-patched-linux-x86_64 1.0.2 1.96 54.50 56.46 NOTE
r-patched-solaris-x86 1.0.2 47.30 NOTE
r-release-linux-x86_64 1.0.2 NOTE
r-release-macos-arm64 1.0.2 NOTE
r-release-macos-x86_64 1.0.2 NOTE
r-release-windows-ix86+x86_64 1.0.2 5.00 73.00 78.00 NOTE
r-oldrel-macos-x86_64 1.0.2 OK
r-oldrel-windows-ix86+x86_64 1.0.2 4.00 78.00 82.00 OK

Check Details

Version: 1.0.2
Check: LazyData
Result: NOTE
     'LazyData' is specified without a 'data' directory
Flavors: r-devel-linux-x86_64-debian-clang, r-devel-linux-x86_64-debian-gcc, r-devel-linux-x86_64-fedora-clang, r-devel-linux-x86_64-fedora-gcc, r-devel-windows-x86_64-new-UL, r-devel-windows-x86_64-new-TK, r-devel-windows-x86_64-old, r-patched-linux-x86_64, r-patched-solaris-x86, r-release-linux-x86_64, r-release-macos-arm64, r-release-macos-x86_64, r-release-windows-ix86+x86_64