CRAN Package Check Results for Package do

Last updated on 2022-01-26 07:52:41 CET.

Flavor Version Tinstall Tcheck Ttotal Status Flags
r-devel-linux-x86_64-debian-clang 2.0.0.0 6.96 67.77 74.73 OK
r-devel-linux-x86_64-debian-gcc 2.0.0.0 6.18 51.86 58.04 OK
r-devel-linux-x86_64-fedora-clang 2.0.0.0 91.32 OK
r-devel-linux-x86_64-fedora-gcc 2.0.0.0 79.61 OK
r-devel-windows-x86_64-new-UL 2.0.0.0 83.00 114.00 197.00 OK
r-devel-windows-x86_64-new-TK 2.0.0.0 OK
r-patched-linux-x86_64 2.0.0.0 5.97 63.57 69.54 OK
r-release-linux-x86_64 2.0.0.0 7.54 62.80 70.34 OK
r-release-macos-arm64 2.0.0.0 OK
r-release-macos-x86_64 2.0.0.0 OK
r-release-windows-ix86+x86_64 2.0.0.0 16.00 81.00 97.00 OK
r-oldrel-macos-x86_64 1.9.0.0 ERROR
r-oldrel-windows-ix86+x86_64 1.9.0.0 1.00 10.00 11.00 ERROR

Check Details

Version: 1.9.0.0
Check: whether package can be installed
Result: ERROR
    Installation failed.
Flavors: r-oldrel-macos-x86_64, r-oldrel-windows-ix86+x86_64