CRAN Package Check Results for Package dng

Last updated on 2024-02-28 12:54:55 CET.

Flavor Version Tinstall Tcheck Ttotal Status Flags
r-devel-linux-x86_64-debian-clang 0.2.1 146.80 29.61 176.41 NOTE
r-devel-linux-x86_64-debian-gcc 0.2.1 100.44 23.39 123.83 NOTE
r-devel-linux-x86_64-fedora-clang 0.2.1 308.01 NOTE
r-devel-linux-x86_64-fedora-gcc 0.2.1 249.46 NOTE
r-devel-windows-x86_64 0.2.1 100.00 61.00 161.00 NOTE
r-patched-linux-x86_64 0.2.1 126.15 29.65 155.80 NOTE
r-release-linux-x86_64 0.2.1 132.18 29.75 161.93 NOTE
r-release-macos-arm64 0.2.1 57.00 NOTE
r-release-macos-x86_64 0.2.1 96.00 NOTE
r-release-windows-x86_64 0.2.1 92.00 69.00 161.00 NOTE
r-oldrel-macos-arm64 0.2.1 57.00 NOTE
r-oldrel-windows-x86_64 0.2.1 119.00 68.00 187.00 NOTE

Check Details

Version: 0.2.1
Check: LazyData
Result: NOTE 'LazyData' is specified without a 'data' directory Flavors: r-devel-linux-x86_64-debian-clang, r-devel-linux-x86_64-debian-gcc, r-devel-linux-x86_64-fedora-clang, r-devel-linux-x86_64-fedora-gcc, r-devel-windows-x86_64, r-patched-linux-x86_64, r-release-linux-x86_64, r-release-macos-arm64, r-release-macos-x86_64, r-release-windows-x86_64, r-oldrel-macos-arm64, r-oldrel-windows-x86_64