CRAN Package Check Results for Package dmbc

Last updated on 2021-10-27 22:56:41 CEST.

Flavor Version Tinstall Tcheck Ttotal Status Flags
r-devel-linux-x86_64-debian-clang 0.4.0 87.92 87.08 175.00 OK
r-devel-linux-x86_64-debian-gcc 0.4.0 67.60 65.26 132.86 OK
r-devel-linux-x86_64-fedora-clang 0.4.0 267.07 NOTE
r-devel-linux-x86_64-fedora-gcc 0.4.0 232.63 NOTE
r-devel-windows-x86_64 0.4.0 130.00 128.00 258.00 OK
r-devel-windows-x86_64-gcc10-UCRT 0.4.0 NOTE
r-patched-linux-x86_64 0.4.0 84.20 82.17 166.37 OK
r-patched-solaris-x86 0.4.0 250.60 NOTE
r-release-linux-x86_64 0.4.0 69.55 81.39 150.94 OK
r-release-macos-arm64 0.4.0 NOTE
r-release-macos-x86_64 0.4.0 NOTE
r-release-windows-ix86+x86_64 0.4.0 178.00 157.00 335.00 OK
r-oldrel-macos-x86_64 0.4.0 NOTE
r-oldrel-windows-ix86+x86_64 0.4.0 183.00 154.00 337.00 OK

Check Details

Version: 0.4.0
Check: dependencies in R code
Result: NOTE
    Namespace in Imports field not imported from: ‘ggrepel’
     All declared Imports should be used.
Flavors: r-devel-linux-x86_64-fedora-clang, r-devel-linux-x86_64-fedora-gcc, r-devel-windows-x86_64-gcc10-UCRT, r-patched-solaris-x86, r-release-macos-arm64, r-release-macos-x86_64, r-oldrel-macos-x86_64