CRAN Package Check Results for Package dlstats

Last updated on 2021-08-02 19:50:43 CEST.

Flavor Version Tinstall Tcheck Ttotal Status Flags
r-devel-linux-x86_64-debian-clang 0.1.4 4.55 57.12 61.67 OK
r-devel-linux-x86_64-debian-gcc 0.1.4 3.30 42.81 46.11 OK
r-devel-linux-x86_64-fedora-clang 0.1.4 74.02 OK
r-devel-linux-x86_64-fedora-gcc 0.1.4 64.01 OK
r-devel-windows-x86_64 0.1.4 7.00 93.00 100.00 OK
r-devel-windows-x86_64-gcc10-UCRT 0.1.4 OK
r-patched-linux-x86_64 0.1.4 OK
r-patched-solaris-x86 0.1.4 92.40 OK
r-release-linux-x86_64 0.1.4 4.14 53.12 57.26 OK
r-release-macos-arm64 0.1.4 WARN
r-release-macos-x86_64 0.1.4 OK
r-release-windows-ix86+x86_64 0.1.4 13.00 85.00 98.00 OK
r-oldrel-macos-x86_64 0.1.4 OK
r-oldrel-windows-ix86+x86_64 0.1.4 10.00 147.00 157.00 OK

Check Details

Version: 0.1.4
Check: re-building of vignette outputs
Result: WARN
    Error(s) in re-building vignettes:
     ...
    --- re-building ‘dlstats.Rmd’ using rmarkdown
    Warning in engine$weave(file, quiet = quiet, encoding = enc) :
     Pandoc (>= 1.12.3) not available. Falling back to R Markdown v1.
    Quitting from lines 48-58 (dlstats.Rmd)
    Error: processing vignette 'dlstats.Rmd' failed with diagnostics:
    polygon edge not found
    --- failed re-building ‘dlstats.Rmd’
    
    SUMMARY: processing the following file failed:
     ‘dlstats.Rmd’
    
    Error: Vignette re-building failed.
    Execution halted
Flavor: r-release-macos-arm64