CRAN Package Check Results for Package dkanr

Last updated on 2021-08-02 13:55:12 CEST.

Flavor Version Tinstall Tcheck Ttotal Status Flags
r-devel-linux-x86_64-debian-clang 0.1.3 4.31 73.09 77.40 NOTE
r-devel-linux-x86_64-debian-gcc 0.1.3 3.19 54.21 57.40 NOTE
r-devel-linux-x86_64-fedora-clang 0.1.3 98.94 NOTE
r-devel-linux-x86_64-fedora-gcc 0.1.3 89.35 NOTE
r-devel-windows-x86_64 0.1.3 5.00 118.00 123.00 NOTE
r-devel-windows-x86_64-gcc10-UCRT 0.1.3 NOTE
r-patched-linux-x86_64 0.1.3 NOTE
r-patched-solaris-x86 0.1.3 122.80 NOTE
r-release-linux-x86_64 0.1.3 3.65 70.09 73.74 NOTE
r-release-macos-arm64 0.1.3 NOTE
r-release-macos-x86_64 0.1.3 NOTE
r-release-windows-ix86+x86_64 0.1.3 6.00 115.00 121.00 NOTE
r-oldrel-macos-x86_64 0.1.3 OK
r-oldrel-windows-ix86+x86_64 0.1.3 5.00 129.00 134.00 OK

Check Details

Version: 0.1.3
Check: LazyData
Result: NOTE
     'LazyData' is specified without a 'data' directory
Flavors: r-devel-linux-x86_64-debian-clang, r-devel-linux-x86_64-debian-gcc, r-devel-linux-x86_64-fedora-clang, r-devel-linux-x86_64-fedora-gcc, r-devel-windows-x86_64, r-devel-windows-x86_64-gcc10-UCRT, r-patched-linux-x86_64, r-patched-solaris-x86, r-release-linux-x86_64, r-release-macos-arm64, r-release-macos-x86_64, r-release-windows-ix86+x86_64