Last updated on 2023-03-26 18:54:34 CEST.
Flavor | Version | Tinstall | Tcheck | Ttotal | Status | Flags |
---|---|---|---|---|---|---|
r-devel-linux-x86_64-debian-clang | 0.4.0 | 173.14 | 126.94 | 300.08 | NOTE | |
r-devel-linux-x86_64-debian-gcc | 0.4.0 | 140.30 | 94.87 | 235.17 | NOTE | |
r-devel-linux-x86_64-fedora-gcc | 0.4.0 | 394.18 | NOTE | |||
r-patched-linux-x86_64 | 0.4.0 | 149.29 | 121.42 | 270.71 | NOTE | |
r-release-linux-x86_64 | 0.4.0 | 152.01 | 118.68 | 270.69 | NOTE | |
r-release-macos-arm64 | 0.4.0 | 64.00 | NOTE | |||
r-release-macos-x86_64 | 0.4.0 | 120.00 | NOTE | |||
r-release-windows-x86_64 | 0.4.0 | 212.00 | 175.00 | 387.00 | NOTE | |
r-oldrel-macos-arm64 | 0.4.0 | 95.00 | NOTE | |||
r-oldrel-macos-x86_64 | 0.4.0 | 120.00 | NOTE | |||
r-oldrel-windows-ix86+x86_64 | 0.4.0 | 398.00 | 208.00 | 606.00 | NOTE |
Version: 0.4.0
Check: package dependencies
Result: NOTE
Package suggested but not available for checking: ‘BOLTSSIRR’
Flavors: r-devel-linux-x86_64-debian-clang, r-devel-linux-x86_64-debian-gcc, r-devel-linux-x86_64-fedora-gcc, r-patched-linux-x86_64, r-release-linux-x86_64, r-release-macos-arm64, r-release-macos-x86_64, r-release-windows-x86_64, r-oldrel-macos-arm64, r-oldrel-macos-x86_64, r-oldrel-windows-ix86+x86_64
Version: 0.4.0
Check: installed package size
Result: NOTE
installed size is 9.7Mb
sub-directories of 1Mb or more:
libs 9.3Mb
Flavors: r-release-macos-arm64, r-release-macos-x86_64, r-oldrel-macos-arm64, r-oldrel-macos-x86_64