Last updated on 2023-03-30 12:55:07 CEST.
Flavor | Version | Tinstall | Tcheck | Ttotal | Status | Flags |
---|---|---|---|---|---|---|
r-devel-linux-x86_64-debian-clang | 2.0.6 | 6.50 | 54.01 | 60.51 | OK | |
r-devel-linux-x86_64-debian-gcc | 2.0.6 | 6.50 | 41.93 | 48.43 | OK | |
r-devel-linux-x86_64-fedora-clang | 2.0.6 | 78.00 | NOTE | |||
r-devel-linux-x86_64-fedora-gcc | 2.0.6 | 79.25 | NOTE | |||
r-devel-windows-x86_64 | 2.0.6 | 23.00 | 0.00 | 23.00 | OK | |
r-patched-linux-x86_64 | 2.0.6 | 7.55 | 52.98 | 60.53 | OK | |
r-release-linux-x86_64 | 2.0.6 | 5.81 | 52.51 | 58.32 | OK | |
r-release-macos-arm64 | 2.0.6 | 26.00 | OK | |||
r-release-macos-x86_64 | 2.0.6 | 37.00 | NOTE | |||
r-release-windows-x86_64 | 2.0.6 | 10.00 | 94.00 | 104.00 | OK | |
r-oldrel-macos-arm64 | 2.0.6 | 25.00 | OK | |||
r-oldrel-macos-x86_64 | 2.0.6 | 40.00 | NOTE | |||
r-oldrel-windows-ix86+x86_64 | 2.0.6 | 12.00 | 78.00 | 90.00 | OK |
Version: 2.0.6
Check: dependencies in R code
Result: NOTE
Namespace in Imports field not imported from: ‘truncnorm’
All declared Imports should be used.
Flavors: r-devel-linux-x86_64-fedora-clang, r-devel-linux-x86_64-fedora-gcc, r-release-macos-x86_64, r-oldrel-macos-x86_64