CRAN Package Check Results for Package diveMove

Last updated on 2021-09-20 19:52:36 CEST.

Flavor Version Tinstall Tcheck Ttotal Status Flags
r-devel-linux-x86_64-debian-clang 1.6.0 23.61 380.95 404.56 OK
r-devel-linux-x86_64-debian-gcc 1.6.0 17.17 272.21 289.38 OK
r-devel-linux-x86_64-fedora-clang 1.6.0 474.75 OK
r-devel-linux-x86_64-fedora-gcc 1.6.0 452.93 OK
r-devel-windows-x86_64 1.6.0 27.00 333.00 360.00 OK
r-devel-windows-x86_64-gcc10-UCRT 1.6.0 ERROR
r-patched-linux-x86_64 1.6.0 26.00 350.59 376.59 OK
r-patched-solaris-x86 1.6.0 603.30 OK
r-release-linux-x86_64 1.6.0 21.09 352.01 373.10 OK
r-release-macos-arm64 1.6.0 OK
r-release-macos-x86_64 1.6.0 OK
r-release-windows-ix86+x86_64 1.6.0 48.00 508.00 556.00 OK
r-oldrel-macos-x86_64 1.6.0 OK
r-oldrel-windows-ix86+x86_64 1.6.0 47.00 654.00 701.00 OK

Check Details

Version: 1.6.0
Check: whether package can be installed
Result: ERROR
    Installation failed.
Flavor: r-devel-windows-x86_64-gcc10-UCRT