CRAN Package Check Results for Package distrEx

Last updated on 2024-02-28 21:49:43 CET.

Flavor Version Tinstall Tcheck Ttotal Status Flags
r-devel-linux-x86_64-debian-clang 2.9.2 31.37 111.21 142.58 OK
r-devel-linux-x86_64-debian-gcc 2.9.2 24.32 82.15 106.47 OK
r-devel-linux-x86_64-fedora-clang 2.9.2 190.02 NOTE
r-devel-linux-x86_64-fedora-gcc 2.9.2 180.31 OK
r-devel-windows-x86_64 2.9.2 29.00 113.00 142.00 OK
r-patched-linux-x86_64 2.9.2 37.37 108.41 145.78 OK
r-release-linux-x86_64 2.9.2 30.57 105.67 136.24 OK
r-release-macos-arm64 2.9.2 60.00 OK
r-release-macos-x86_64 2.9.2 142.00 OK
r-release-windows-x86_64 2.9.2 30.00 131.00 161.00 OK
r-oldrel-macos-arm64 2.9.2 54.00 OK
r-oldrel-windows-x86_64 2.9.2 39.00 122.00 161.00 OK

Check Details

Version: 2.9.2
Check: Rd cross-references
Result: NOTE Undeclared package ‘robustbase’ in Rd xrefs Flavor: r-devel-linux-x86_64-fedora-clang