CRAN Package Check Results for Package dispRity

Last updated on 2021-11-26 19:52:48 CET.

Flavor Version Tinstall Tcheck Ttotal Status Flags
r-devel-linux-x86_64-debian-clang 1.6.0 23.05 186.26 209.31 OK
r-devel-linux-x86_64-debian-gcc 1.6.0 17.43 139.87 157.30 OK
r-devel-linux-x86_64-fedora-clang 1.6.0 277.42 NOTE
r-devel-linux-x86_64-fedora-gcc 1.6.0 248.87 OK
r-devel-windows-x86_64-new-UL 1.6.0 48.00 248.00 296.00 OK
r-devel-windows-x86_64-new-TK 1.6.0 OK
r-devel-windows-x86_64-old 1.6.0 27.00 210.00 237.00 OK
r-patched-linux-x86_64 1.6.0 22.79 181.92 204.71 OK
r-patched-solaris-x86 1.6.0 334.50 OK
r-release-linux-x86_64 1.6.0 OK
r-release-macos-arm64 1.6.0 OK
r-release-macos-x86_64 1.6.0 OK
r-release-windows-ix86+x86_64 1.6.0 50.00 243.00 293.00 OK
r-oldrel-macos-x86_64 1.6.0 OK
r-oldrel-windows-ix86+x86_64 1.6.0 33.00 307.00 340.00 OK

Check Details

Version: 1.6.0
Check: Rd cross-references
Result: NOTE
    Undeclared package ‘geomorph’ in Rd xrefs
Flavor: r-devel-linux-x86_64-fedora-clang