CRAN Package Check Results for Package dispRity

Last updated on 2021-09-16 22:55:28 CEST.

Flavor Version Tinstall Tcheck Ttotal Status Flags
r-devel-linux-x86_64-debian-clang 1.6.0 24.17 190.12 214.29 OK
r-devel-linux-x86_64-debian-gcc 1.6.0 20.16 140.93 161.09 OK
r-devel-linux-x86_64-fedora-clang 1.6.0 257.98 NOTE
r-devel-linux-x86_64-fedora-gcc 1.6.0 250.47 OK
r-devel-windows-x86_64 1.6.0 27.00 234.00 261.00 OK
r-devel-windows-x86_64-gcc10-UCRT 1.6.0 OK
r-patched-linux-x86_64 1.6.0 22.02 183.50 205.52 OK
r-patched-solaris-x86 1.6.0 340.40 OK
r-release-linux-x86_64 1.6.0 22.65 184.24 206.89 OK
r-release-macos-arm64 1.6.0 OK
r-release-macos-x86_64 1.6.0 OK
r-release-windows-ix86+x86_64 1.6.0 47.00 251.00 298.00 OK
r-oldrel-macos-x86_64 1.6.0 OK
r-oldrel-windows-ix86+x86_64 1.6.0 36.00 293.00 329.00 OK

Check Details

Version: 1.6.0
Check: Rd cross-references
Result: NOTE
    Undeclared package ‘geomorph’ in Rd xrefs
Flavor: r-devel-linux-x86_64-fedora-clang