CRAN Package Check Results for Package disk.frame

Last updated on 2024-02-24 12:49:15 CET.

Flavor Version Tinstall Tcheck Ttotal Status Flags
r-devel-linux-x86_64-debian-clang 0.8.3 0.76 1.86 2.62 ERROR
r-devel-linux-x86_64-debian-gcc 0.8.3 28.90 144.30 173.20 NOTE
r-devel-linux-x86_64-fedora-clang 0.8.3 277.05 NOTE
r-devel-linux-x86_64-fedora-gcc 0.8.3 229.52 NOTE
r-devel-windows-x86_64 0.8.3 30.00 154.00 184.00 OK
r-patched-linux-x86_64 0.8.3 26.15 139.97 166.12 OK
r-release-linux-x86_64 0.8.3 23.41 132.50 155.91 OK
r-release-macos-arm64 0.8.3 68.00 OK
r-release-macos-x86_64 0.8.3 142.00 OK
r-release-windows-x86_64 0.8.3 39.00 195.00 234.00 OK
r-oldrel-macos-arm64 0.8.3 67.00 OK
r-oldrel-windows-x86_64 0.8.3 37.00 182.00 219.00 OK

Check Details

Version: 0.8.3
Check: package dependencies
Result: ERROR Package required but not available: ‘arrow’ See section ‘The DESCRIPTION file’ in the ‘Writing R Extensions’ manual. Flavor: r-devel-linux-x86_64-debian-clang

Version: 0.8.3
Check: Rd files
Result: NOTE checkRd: (-1) csv_to_disk.frame.Rd:56: Lost braces; missing escapes or markup? 56 | strings, and you are encouraged to use {fasttime} to convert the strings to | ^ checkRd: (-1) purrr_as_mapper.Rd:10: Lost braces; missing escapes or markup? 10 | \item{.f}{a normal function or purrr syntax function i.e. `~{ ...code...}`} | ^ Flavors: r-devel-linux-x86_64-debian-gcc, r-devel-linux-x86_64-fedora-clang, r-devel-linux-x86_64-fedora-gcc