CRAN Package Check Results for Package disdat

Last updated on 2021-06-16 07:49:46 CEST.

Flavor Version Tinstall Tcheck Ttotal Status Flags
r-devel-linux-x86_64-debian-clang 1.0-0 3.03 48.47 51.50 OK
r-devel-linux-x86_64-debian-gcc 1.0-0 2.03 37.42 39.45 OK
r-devel-linux-x86_64-fedora-clang 1.0-0 71.96 NOTE
r-devel-linux-x86_64-fedora-gcc 1.0-0 60.31 OK
r-devel-windows-x86_64 1.0-0 5.00 67.00 72.00 NOTE
r-devel-windows-x86_64-gcc10-UCRT 1.0-0 ERROR
r-patched-linux-x86_64 1.0-0 2.65 47.19 49.84 OK
r-patched-solaris-x86 1.0-0 92.50 NOTE
r-release-linux-x86_64 1.0-0 2.07 46.20 48.27 OK
r-release-macos-arm64 1.0-0 ERROR
r-release-macos-x86_64 1.0-0 NOTE
r-release-windows-ix86+x86_64 1.0-0 7.00 66.00 73.00 NOTE
r-oldrel-macos-x86_64 1.0-0 NOTE
r-oldrel-windows-ix86+x86_64 1.0-0 5.00 82.00 87.00 NOTE

Check Details

Version: 1.0-0
Check: installed package size
Result: NOTE
     installed size is 5.7Mb
     sub-directories of 1Mb or more:
     extdata 4.2Mb
Flavors: r-devel-linux-x86_64-fedora-clang, r-devel-windows-x86_64, r-patched-solaris-x86, r-release-macos-arm64, r-release-macos-x86_64, r-release-windows-ix86+x86_64, r-oldrel-macos-x86_64, r-oldrel-windows-ix86+x86_64

Version: 1.0-0
Check: package dependencies
Result: NOTE
    Packages suggested but not available for checking: 'sf', 'mapview'
Flavor: r-devel-windows-x86_64-gcc10-UCRT

Version: 1.0-0
Check: examples
Result: ERROR
    Running examples in 'disdat-Ex.R' failed
    The error most likely occurred in:
    
    > ### Name: AWT
    > ### Title: Australian Wet Tropics species distribution data
    > ### Aliases: AWT
    > ### Keywords: datasets
    >
    > ### ** Examples
    >
    > awt_po <- disPo("AWT")
    > awt_bg <- disBg("AWT")
    >
    > awt_pa_plant <- disPa("AWT", "plant")
    > awt_env_plant <- disEnv("AWT", "plant")
    > awt_pa_bird <- disPa("AWT", "bird")
    > awt_env_bird <- disEnv("AWT", "bird")
    >
    >
    > # Or all in one list
    > awt <- disData("AWT")
    Error in rbind(deparse.level, ...) :
     numbers of columns of arguments do not match
    Calls: disData -> do.call -> <Anonymous> -> rbind
    Execution halted
Flavor: r-devel-windows-x86_64-gcc10-UCRT

Version: 1.0-0
Check: package dependencies
Result: NOTE
    Packages suggested but not available for checking:
     'sf', 'terra', 'rgdal', 'mapview'
Flavor: r-release-macos-arm64

Version: 1.0-0
Check: examples
Result: ERROR
    Running examples in ‘disdat-Ex.R’ failed
    The error most likely occurred in:
    
    > ### Name: disData
    > ### Title: Get disdat datasets
    > ### Aliases: disData disPo disBg disPa disEnv disBorder
    > ### Keywords: data
    >
    > ### ** Examples
    >
    > awt_po <- disPo("AWT")
    >
    > awt_bg <- disBg("AWT")
    >
    > awt_pa_plants <- disPa("AWT", "plant")
    >
    > awt_env_plants <- disEnv("AWT", "plant")
    >
    >
    > x <- disData("NSW")
    >
    > names(x)
    [1] "env" "pa" "bg" "po"
    >
    > sapply(x, head)
    $env
     group siteid x y cti disturb mi rainann raindq rugged
    1 ba bapa1 153.4838 -28.1651 1439 3 88 1592 216 15
    2 ba bapa2 153.4920 -28.1660 1279 3 89 1592 216 2
    3 ba bapa3 153.4961 -28.1696 1399 3 89 1596 222 1
    4 ba bapa4 153.5512 -28.1965 1312 3 90 1676 228 1
    5 ba bapa5 153.5492 -28.1974 1312 3 90 1680 228 1
    6 ba bapa6 153.5492 -28.2001 1429 3 90 1690 234 2
     soildepth soilfert solrad tempann tempmin topo vegsys
    1 1149 2 89 199 84 -3 5
    2 1159 2 89 200 86 -1 5
    3 1159 2 89 200 86 0 5
    4 1350 1 89 200 87 0 5
    5 1350 1 89 200 87 0 5
    6 1360 1 89 200 87 -1 5
    
    $pa
     group siteid x spid pa
    1 ba bapa1 153.4838 y -28.1651
    2 ba bapa2 153.4920 y -28.1660
    3 ba bapa3 153.4961 y -28.1696
    4 ba bapa4 153.5512 y -28.1965
    5 ba bapa5 153.5492 y -28.1974
    6 ba bapa6 153.5492 y -28.2001
    
    $bg
     siteid spid x y occ group cti disturb mi rainann raindq
    1 100001 pseudo1 150.9785 -32.14876 0 NA 1499 4 42 586 108
    2 100002 pseudo1 151.4345 -32.58133 0 NA 1349 2 78 912 156
    3 100003 pseudo1 152.2547 -30.74671 0 NA 1329 3 81 1116 162
    4 100004 pseudo1 151.1629 -32.16225 0 NA 1359 4 69 916 192
    5 100005 pseudo1 151.2052 -31.41041 0 NA 1909 4 58 826 186
    6 100006 pseudo1 152.5020 -32.41226 0 NA 1549 1 81 1338 282
     rugged soildepth soilfert solrad tempann tempmin topo vegsys
    1 17 980 3 92 173 42 -8 9
    2 74 870 2 74 167 46 -12 3
    3 33 1059 2 90 182 61 -17 3
    4 32 1019 2 84 164 37 -18 7
    5 14 990 1 90 141 -7 -9 9
    6 10 1279 1 87 168 53 6 5
    
    $po
     siteid spid x y occ group cti disturb mi rainann raindq
    1 bapo158 nsw01 152.8234 -28.3699 1 ba 1419 1 88 1220 156
    2 bapo159 nsw01 152.9286 -28.3736 1 ba 1149 2 92 1672 210
    3 bapo160 nsw01 152.9275 -28.3754 1 ba 1299 2 92 1648 204
    4 bapo161 nsw01 153.0663 -28.3781 1 ba 1449 1 94 1842 222
    5 bapo162 nsw01 153.0561 -28.3962 1 ba 1249 2 94 1958 234
    6 bapo163 nsw01 153.0567 -28.3962 1 ba 1179 2 94 1958 234
     rugged soildepth soilfert solrad tempann tempmin topo vegsys
    1 73 1039 5 88 180 47 -27 1
    2 31 1070 5 83 161 52 16 1
    3 35 1080 5 85 164 55 -7 1
    4 44 1149 4 87 154 43 -18 1
    5 58 1110 4 83 153 41 2 1
    6 71 1110 4 83 152 40 20 1
    
    >
    >
    > z <- disBorder("NSW")
    Error in loadNamespace(x) : there is no package called ‘sf’
    Calls: disBorder ... loadNamespace -> withRestarts -> withOneRestart -> doWithOneRestart
    Execution halted
Flavor: r-release-macos-arm64