CRAN Package Check Results for Package discretecdAlgorithm

Last updated on 2024-02-24 18:54:47 CET.

Flavor Version Tinstall Tcheck Ttotal Status Flags
r-devel-linux-x86_64-debian-clang 0.0.7 76.12 46.29 122.41 NOTE
r-devel-linux-x86_64-debian-gcc 0.0.7 56.49 35.91 92.40 NOTE
r-devel-linux-x86_64-fedora-clang 0.0.7 158.31 NOTE
r-devel-linux-x86_64-fedora-gcc 0.0.7 158.26 NOTE
r-devel-windows-x86_64 0.0.7 49.00 77.00 126.00 NOTE
r-patched-linux-x86_64 0.0.7 65.12 46.20 111.32 NOTE
r-release-linux-x86_64 0.0.7 59.19 46.12 105.31 NOTE
r-release-macos-arm64 0.0.7 49.00 NOTE
r-release-macos-x86_64 0.0.7 81.00 NOTE
r-release-windows-x86_64 0.0.7 62.00 85.00 147.00 NOTE
r-oldrel-macos-arm64 0.0.7 43.00 NOTE
r-oldrel-windows-x86_64 0.0.7 56.00 84.00 140.00 NOTE

Check Details

Version: 0.0.7
Check: C++ specification
Result: NOTE Specified C++11: please drop specification unless essential Flavors: r-devel-linux-x86_64-debian-clang, r-devel-linux-x86_64-debian-gcc, r-devel-linux-x86_64-fedora-clang, r-devel-linux-x86_64-fedora-gcc, r-devel-windows-x86_64, r-patched-linux-x86_64, r-release-linux-x86_64, r-release-macos-arm64, r-release-macos-x86_64, r-release-windows-x86_64

Version: 0.0.7
Check: LazyData
Result: NOTE 'LazyData' is specified without a 'data' directory Flavors: r-devel-linux-x86_64-debian-clang, r-devel-linux-x86_64-debian-gcc, r-devel-linux-x86_64-fedora-clang, r-devel-linux-x86_64-fedora-gcc, r-devel-windows-x86_64, r-patched-linux-x86_64, r-release-linux-x86_64, r-release-macos-arm64, r-release-macos-x86_64, r-release-windows-x86_64, r-oldrel-macos-arm64, r-oldrel-windows-x86_64

Version: 0.0.7
Check: installed package size
Result: NOTE installed size is 10.0Mb sub-directories of 1Mb or more: libs 9.8Mb Flavors: r-release-macos-arm64, r-release-macos-x86_64, r-oldrel-macos-arm64