CRAN Package Check Results for Package discSurv

Last updated on 2022-10-02 06:52:08 CEST.

Flavor Version Tinstall Tcheck Ttotal Status Flags
r-devel-linux-x86_64-debian-clang 2.0.0 16.72 204.39 221.11 NOTE
r-devel-linux-x86_64-debian-gcc 2.0.0 13.58 151.74 165.32 NOTE
r-devel-linux-x86_64-fedora-clang 2.0.0 293.66 NOTE
r-devel-linux-x86_64-fedora-gcc 2.0.0 289.84 NOTE
r-devel-windows-x86_64 2.0.0 39.00 243.00 282.00 NOTE
r-patched-linux-x86_64 2.0.0 11.65 189.27 200.92 OK
r-release-linux-x86_64 2.0.0 10.56 187.57 198.13 OK
r-release-macos-arm64 2.0.0 75.00 OK
r-release-macos-x86_64 2.0.0 161.00 OK
r-release-windows-x86_64 2.0.0 37.00 237.00 274.00 OK
r-oldrel-macos-arm64 2.0.0 83.00 OK
r-oldrel-macos-x86_64 2.0.0 99.00 OK
r-oldrel-windows-ix86+x86_64 2.0.0 36.00 226.00 262.00 OK

Check Details

Version: 2.0.0
Check: Rd files
Result: NOTE
    checkRd: (-1) dataCensoring.Rd:78: Escaped LaTeX specials: \&
    checkRd: (-1) dataLong.Rd:170: Escaped LaTeX specials: \&
    checkRd: (-1) dataLongCompRisksTimeDep.Rd:130: Escaped LaTeX specials: \&
    checkRd: (-1) dataLongMultiSpell.Rd:123: Escaped LaTeX specials: \&
    checkRd: (-1) dataLongTimeDep.Rd:96: Escaped LaTeX specials: \&
Flavors: r-devel-linux-x86_64-debian-clang, r-devel-linux-x86_64-debian-gcc, r-devel-linux-x86_64-fedora-clang, r-devel-linux-x86_64-fedora-gcc, r-devel-windows-x86_64

Version: 2.0.0
Check: Rd cross-references
Result: NOTE
    Undeclared package ‘Hmisc’ in Rd xrefs
Flavor: r-devel-linux-x86_64-fedora-clang