Last updated on 2023-03-21 19:03:58 CET.
Flavor | Version | Tinstall | Tcheck | Ttotal | Status | Flags |
---|---|---|---|---|---|---|
r-devel-linux-x86_64-debian-clang | 1.0.1 | 21.67 | 202.74 | 224.41 | OK | |
r-devel-linux-x86_64-debian-gcc | 1.0.1 | 15.54 | 148.94 | 164.48 | OK | |
r-devel-linux-x86_64-fedora-clang | 1.0.1 | 271.66 | NOTE | |||
r-devel-linux-x86_64-fedora-gcc | 1.0.1 | 256.06 | OK | |||
r-devel-windows-x86_64 | 1.0.1 | 42.00 | 242.00 | 284.00 | OK | |
r-patched-linux-x86_64 | 1.0.1 | 26.76 | 193.58 | 220.34 | OK | |
r-release-linux-x86_64 | 1.0.1 | 14.85 | 189.28 | 204.13 | OK | |
r-release-macos-arm64 | 1.0.1 | 59.00 | OK | |||
r-release-macos-x86_64 | 1.0.1 | 102.00 | OK | |||
r-release-windows-x86_64 | 1.0.1 | 39.00 | 251.00 | 290.00 | OK | |
r-oldrel-macos-arm64 | 1.0.1 | 60.00 | OK | |||
r-oldrel-macos-x86_64 | 1.0.1 | 101.00 | OK | |||
r-oldrel-windows-ix86+x86_64 | 1.0.1 | 56.00 | 253.00 | 309.00 | OK |
Version: 1.0.1
Check: Rd cross-references
Result: NOTE
Undeclared packages ‘gamlss’, ‘flexsurv’ in Rd xrefs
Flavor: r-devel-linux-x86_64-fedora-clang