CRAN Package Check Results for Package dipsaus

Last updated on 2021-08-05 07:49:22 CEST.

Flavor Version Tinstall Tcheck Ttotal Status Flags
r-devel-linux-x86_64-debian-clang 0.1.7 86.88 78.06 164.94 OK
r-devel-linux-x86_64-debian-gcc 0.1.7 52.95 61.07 114.02 OK
r-devel-linux-x86_64-fedora-clang 0.1.7 228.02 OK
r-devel-linux-x86_64-fedora-gcc 0.1.7 204.18 OK
r-devel-windows-x86_64 0.1.7 122.00 123.00 245.00 OK
r-devel-windows-x86_64-gcc10-UCRT 0.1.7 ERROR
r-patched-linux-x86_64 0.1.7 65.66 75.31 140.97 OK
r-patched-solaris-x86 0.1.7 210.00 OK
r-release-linux-x86_64 0.1.7 65.01 76.26 141.27 OK
r-release-macos-arm64 0.1.7 OK
r-release-macos-x86_64 0.1.7 OK
r-release-windows-ix86+x86_64 0.1.7 155.00 144.00 299.00 OK
r-oldrel-macos-x86_64 0.1.7 OK
r-oldrel-windows-ix86+x86_64 0.1.7 193.00 165.00 358.00 OK

Check Details

Version: 0.1.7
Check: package dependencies
Result: ERROR
    Packages required but not available: 'RcppParallel', 'cli'
    
    Package suggested but not available for checking: 'testthat'
    
    See section 'The DESCRIPTION file' in the 'Writing R Extensions'
    manual.
Flavor: r-devel-windows-x86_64-gcc10-UCRT