CRAN Package Check Results for Package dimRed

Last updated on 2022-10-05 12:56:48 CEST.

Flavor Version Tinstall Tcheck Ttotal Status Flags
r-devel-linux-x86_64-debian-clang 0.2.6 26.65 295.52 322.17 OK
r-devel-linux-x86_64-debian-gcc 0.2.6 17.30 215.84 233.14 OK
r-devel-linux-x86_64-fedora-clang 0.2.6 403.37 NOTE
r-devel-linux-x86_64-fedora-gcc 0.2.6 377.23 OK
r-devel-windows-x86_64 0.2.6 58.00 336.00 394.00 OK
r-patched-linux-x86_64 0.2.6 25.67 267.13 292.80 OK
r-release-linux-x86_64 0.2.6 18.83 266.51 285.34 OK
r-release-macos-arm64 0.2.6 105.00 OK
r-release-macos-x86_64 0.2.6 140.00 OK
r-release-windows-x86_64 0.2.6 64.00 333.00 397.00 OK
r-oldrel-macos-arm64 0.2.6 115.00 WARN
r-oldrel-macos-x86_64 0.2.6 132.00 WARN
r-oldrel-windows-ix86+x86_64 0.2.6 41.00 348.00 389.00 WARN

Check Details

Version: 0.2.6
Check: Rd cross-references
Result: NOTE
    Undeclared package ‘CVST’ in Rd xrefs
Flavor: r-devel-linux-x86_64-fedora-clang

Version: 0.2.6
Check: for unstated dependencies in examples
Result: WARN
    'library' or 'require' calls not declared from:
     ‘MASS’ ‘Matrix’ ‘NNMF’ ‘RANN’ ‘RSpectra’ ‘c’ ‘coRanking’ ‘ggplot’
     ‘igraph’ ‘loe’ ‘scales’ ‘tidyr’
Flavors: r-oldrel-macos-arm64, r-oldrel-macos-x86_64, r-oldrel-windows-ix86+x86_64

Version: 0.2.6
Check: for unstated dependencies in ‘tests’
Result: WARN
    Warning: unable to access index for repository https://bioconductor.org/packages/3.14/bioc/src/contrib:
     cannot open URL 'https://bioconductor.org/packages/3.14/bioc/src/contrib/PACKAGES'
    Warning: unable to access index for repository https://bioconductor.org/packages/3.14/data/annotation/src/contrib:
     cannot open URL 'https://bioconductor.org/packages/3.14/data/annotation/src/contrib/PACKAGES'
    Warning: unable to access index for repository https://bioconductor.org/packages/3.14/data/experiment/src/contrib:
     cannot open URL 'https://bioconductor.org/packages/3.14/data/experiment/src/contrib/PACKAGES'
    'library' or 'require' calls not declared from:
     'keras' 'reticulate' 'tensorflow' 'vegan'
Flavor: r-oldrel-windows-ix86+x86_64