Last updated on 2023-09-25 01:03:33 CEST.
Flavor | Version | Tinstall | Tcheck | Ttotal | Status | Flags |
---|---|---|---|---|---|---|
r-devel-linux-x86_64-debian-clang | 0.2.6 | 23.45 | 279.57 | 303.02 | OK | |
r-devel-linux-x86_64-debian-gcc | 0.2.6 | 15.94 | 207.97 | 223.91 | OK | |
r-devel-linux-x86_64-fedora-clang | 0.2.6 | 355.26 | NOTE | |||
r-devel-linux-x86_64-fedora-gcc | 0.2.6 | 429.85 | OK | |||
r-devel-windows-x86_64 | 0.2.6 | 19.00 | 254.00 | 273.00 | OK | |
r-patched-linux-x86_64 | 0.2.6 | 25.25 | 265.16 | 290.41 | OK | |
r-release-linux-x86_64 | 0.2.6 | 17.94 | 271.29 | 289.23 | OK | |
r-release-macos-arm64 | 0.2.6 | 114.00 | OK | |||
r-release-macos-x86_64 | 0.2.6 | 207.00 | OK | |||
r-release-windows-x86_64 | 0.2.6 | 25.00 | 290.00 | 315.00 | OK | |
r-oldrel-macos-arm64 | 0.2.6 | 105.00 | OK | |||
r-oldrel-macos-x86_64 | 0.2.6 | 140.00 | OK | |||
r-oldrel-windows-x86_64 | 0.2.6 | 27.00 | 293.00 | 320.00 | OK |
Version: 0.2.6
Check: Rd cross-references
Result: NOTE
Undeclared package ‘CVST’ in Rd xrefs
Flavor: r-devel-linux-x86_64-fedora-clang