CRAN Package Check Results for Package digitalDLSorteR

Last updated on 2022-09-30 21:48:54 CEST.

Flavor Version Tinstall Tcheck Ttotal Status Flags
r-devel-linux-x86_64-debian-clang 0.3.0 41.43 480.59 522.02 OK
r-devel-linux-x86_64-debian-gcc 0.3.0 35.37 359.49 394.86 OK
r-devel-linux-x86_64-fedora-clang 0.3.0 691.36 OK
r-devel-linux-x86_64-fedora-gcc 0.3.0 674.95 OK
r-devel-windows-x86_64 0.3.0 341.00 512.00 853.00 OK
r-patched-linux-x86_64 0.3.0 45.95 447.48 493.43 OK
r-release-linux-x86_64 0.3.0 40.91 454.53 495.44 OK
r-release-macos-arm64 0.3.0 7.00 ERROR
r-release-macos-x86_64 0.3.0 212.00 OK
r-release-windows-x86_64 0.3.0 136.00 510.00 646.00 OK
r-oldrel-macos-arm64 0.3.0 10.00 ERROR
r-oldrel-macos-x86_64 0.3.0 206.00 OK
r-oldrel-windows-ix86+x86_64 0.3.0 95.00 503.00 598.00 OK

Check Details

Version: 0.3.0
Check: package dependencies
Result: ERROR
    Package required but not available: ‘zinbwave’
    
    See section ‘The DESCRIPTION file’ in the ‘Writing R Extensions’
    manual.
Flavors: r-release-macos-arm64, r-oldrel-macos-arm64