CRAN Package Check Results for Package dglars

Last updated on 2022-10-03 12:53:09 CEST.

Flavor Version Tinstall Tcheck Ttotal Status Flags
r-devel-linux-x86_64-debian-clang 2.1.6 28.44 102.28 130.72 NOTE
r-devel-linux-x86_64-debian-gcc 2.1.6 22.67 75.20 97.87 NOTE
r-devel-linux-x86_64-fedora-clang 2.1.6 174.97 NOTE
r-devel-linux-x86_64-fedora-gcc 2.1.6 169.34 NOTE
r-devel-windows-x86_64 2.1.6 39.00 138.00 177.00 NOTE
r-patched-linux-x86_64 2.1.6 22.48 98.43 120.91 OK
r-release-linux-x86_64 2.1.6 26.24 97.85 124.09 OK
r-release-macos-arm64 2.1.6 59.00 OK
r-release-macos-x86_64 2.1.6 69.00 OK
r-release-windows-x86_64 2.1.6 41.00 135.00 176.00 OK
r-oldrel-macos-arm64 2.1.6 69.00 OK
r-oldrel-macos-x86_64 2.1.6 94.00 OK
r-oldrel-windows-ix86+x86_64 2.1.6 72.00 164.00 236.00 OK

Check Details

Version: 2.1.6
Check: Rd files
Result: NOTE
    checkRd: (-1) phihat.Rd:34: Escaped LaTeX specials: \&
Flavors: r-devel-linux-x86_64-debian-clang, r-devel-linux-x86_64-debian-gcc, r-devel-linux-x86_64-fedora-clang, r-devel-linux-x86_64-fedora-gcc, r-devel-windows-x86_64