CRAN Package Check Results for Package dfoliatR

Last updated on 2021-09-16 22:55:27 CEST.

Flavor Version Tinstall Tcheck Ttotal Status Flags
r-devel-linux-x86_64-debian-clang 0.2.0 5.65 81.60 87.25 OK
r-devel-linux-x86_64-debian-gcc 0.2.0 4.92 59.91 64.83 OK
r-devel-linux-x86_64-fedora-clang 0.2.0 111.84 NOTE
r-devel-linux-x86_64-fedora-gcc 0.2.0 101.06 NOTE
r-devel-windows-x86_64 0.2.0 18.00 112.00 130.00 OK
r-devel-windows-x86_64-gcc10-UCRT 0.2.0 NOTE
r-patched-linux-x86_64 0.2.0 5.54 75.26 80.80 OK
r-patched-solaris-x86 0.2.0 131.10 NOTE
r-release-linux-x86_64 0.2.0 6.13 75.67 81.80 OK
r-release-macos-arm64 0.2.0 NOTE
r-release-macos-x86_64 0.2.0 NOTE
r-release-windows-ix86+x86_64 0.2.0 16.00 81.00 97.00 OK
r-oldrel-macos-x86_64 0.2.0 NOTE
r-oldrel-windows-ix86+x86_64 0.2.0 38.00 103.00 141.00 OK

Check Details

Version: 0.2.0
Check: dependencies in R code
Result: NOTE
    Namespaces in Imports field not imported from:
     ‘MASS’ ‘plyr’
     All declared Imports should be used.
Flavors: r-devel-linux-x86_64-fedora-clang, r-devel-linux-x86_64-fedora-gcc, r-devel-windows-x86_64-gcc10-UCRT, r-patched-solaris-x86, r-release-macos-arm64, r-release-macos-x86_64, r-oldrel-macos-x86_64