CRAN Package Check Results for Package dextergui

Last updated on 2021-06-21 01:49:16 CEST.

Flavor Version Tinstall Tcheck Ttotal Status Flags
r-devel-linux-x86_64-debian-clang 0.2.3 13.93 97.89 111.82 OK
r-devel-linux-x86_64-debian-gcc 0.2.3 12.24 71.46 83.70 OK
r-devel-linux-x86_64-fedora-clang 0.2.3 146.37 NOTE
r-devel-linux-x86_64-fedora-gcc 0.2.3 139.04 OK
r-devel-windows-x86_64 0.2.3 24.00 103.00 127.00 OK
r-devel-windows-x86_64-gcc10-UCRT 0.2.3 OK
r-patched-linux-x86_64 0.2.3 14.70 90.37 105.07 OK
r-patched-solaris-x86 0.2.3 187.20 OK
r-release-linux-x86_64 0.2.3 11.69 90.28 101.97 OK
r-release-macos-arm64 0.2.3 OK
r-release-macos-x86_64 0.2.3 OK
r-release-windows-ix86+x86_64 0.2.3 32.00 114.00 146.00 OK
r-oldrel-macos-x86_64 0.2.3 OK

Check Details

Version: 0.2.3
Check: package dependencies
Result: NOTE
    Imports includes 22 non-default packages.
    Importing from so many packages makes the package vulnerable to any of
    them becoming unavailable. Move as many as possible to Suggests and
    use conditionally.
Flavor: r-devel-linux-x86_64-fedora-clang