Last updated on 2023-02-02 18:54:22 CET.
Flavor | Version | Tinstall | Tcheck | Ttotal | Status | Flags |
---|---|---|---|---|---|---|
r-devel-linux-x86_64-debian-clang | 0.4.1 | 7.57 | 45.76 | 53.33 | NOTE | |
r-devel-linux-x86_64-debian-gcc | 0.4.1 | 5.37 | 34.64 | 40.01 | NOTE | |
r-devel-linux-x86_64-fedora-clang | 0.4.1 | 65.06 | NOTE | |||
r-devel-linux-x86_64-fedora-gcc | 0.4.1 | 61.77 | NOTE | |||
r-patched-linux-x86_64 | 0.4.1 | 5.67 | 42.96 | 48.63 | NOTE | |
r-release-linux-x86_64 | 0.4.1 | 6.51 | 44.34 | 50.85 | NOTE | |
r-release-macos-arm64 | 0.4.1 | 22.00 | NOTE | |||
r-release-macos-x86_64 | 0.4.1 | 29.00 | NOTE | |||
r-release-windows-x86_64 | 0.4.1 | 23.00 | 75.00 | 98.00 | NOTE | |
r-oldrel-macos-arm64 | 0.4.1 | 24.00 | NOTE | |||
r-oldrel-macos-x86_64 | 0.4.1 | 33.00 | NOTE | |||
r-oldrel-windows-ix86+x86_64 | 0.4.1 | 13.00 | 67.00 | 80.00 | NOTE |
Version: 0.4.1
Check: package dependencies
Result: NOTE
Package which this enhances but not available for checking: ‘gurobi’
Flavors: r-devel-linux-x86_64-debian-clang, r-devel-linux-x86_64-debian-gcc, r-patched-linux-x86_64, r-release-linux-x86_64
Version: 0.4.1
Check: package dependencies
Result: NOTE
Packages which this enhances but not available for checking:
'gurobi', 'Rcplex'
Flavors: r-devel-linux-x86_64-fedora-clang, r-devel-linux-x86_64-fedora-gcc, r-release-macos-arm64, r-release-macos-x86_64, r-release-windows-x86_64, r-oldrel-macos-arm64, r-oldrel-macos-x86_64, r-oldrel-windows-ix86+x86_64