CRAN Package Check Results for Package depcoeff

Last updated on 2022-10-02 00:55:06 CEST.

Flavor Version Tinstall Tcheck Ttotal Status Flags
r-devel-linux-x86_64-debian-clang 0.0.1 22.27 86.21 108.48 NOTE
r-devel-linux-x86_64-debian-gcc 0.0.1 20.71 65.21 85.92 NOTE
r-devel-linux-x86_64-fedora-clang 0.0.1 156.79 NOTE
r-devel-linux-x86_64-fedora-gcc 0.0.1 148.03 NOTE
r-devel-windows-x86_64 0.0.1 31.00 127.00 158.00 NOTE
r-patched-linux-x86_64 0.0.1 24.59 83.02 107.61 NOTE
r-release-linux-x86_64 0.0.1 24.63 81.04 105.67 NOTE
r-release-macos-arm64 0.0.1 41.00 NOTE
r-release-macos-x86_64 0.0.1 57.00 NOTE
r-release-windows-x86_64 0.0.1 36.00 122.00 158.00 NOTE
r-oldrel-macos-arm64 0.0.1 49.00 NOTE
r-oldrel-macos-x86_64 0.0.1 80.00 NOTE
r-oldrel-windows-ix86+x86_64 0.0.1 68.00 147.00 215.00 NOTE

Check Details

Version: 0.0.1
Check: LazyData
Result: NOTE
     'LazyData' is specified without a 'data' directory
Flavors: r-devel-linux-x86_64-debian-clang, r-devel-linux-x86_64-debian-gcc, r-devel-linux-x86_64-fedora-clang, r-devel-linux-x86_64-fedora-gcc, r-devel-windows-x86_64, r-patched-linux-x86_64, r-release-linux-x86_64, r-release-macos-arm64, r-release-macos-x86_64, r-release-windows-x86_64, r-oldrel-macos-arm64, r-oldrel-macos-x86_64, r-oldrel-windows-ix86+x86_64