Last updated on 2023-09-29 12:56:55 CEST.
Flavor | Version | Tinstall | Tcheck | Ttotal | Status | Flags |
---|---|---|---|---|---|---|
r-devel-linux-x86_64-debian-clang | 0.0.1 | 28.37 | 86.03 | 114.40 | NOTE | |
r-devel-linux-x86_64-debian-gcc | 0.0.1 | 18.00 | 66.79 | 84.79 | NOTE | |
r-devel-linux-x86_64-fedora-clang | 0.0.1 | 144.17 | NOTE | |||
r-devel-linux-x86_64-fedora-gcc | 0.0.1 | 144.89 | NOTE | |||
r-devel-windows-x86_64 | 0.0.1 | 26.00 | 101.00 | 127.00 | NOTE | |
r-patched-linux-x86_64 | 0.0.1 | 26.03 | 84.54 | 110.57 | NOTE | |
r-release-linux-x86_64 | 0.0.1 | 26.27 | 85.68 | 111.95 | NOTE | |
r-release-macos-arm64 | 0.0.1 | 45.00 | NOTE | |||
r-release-macos-x86_64 | 0.0.1 | 71.00 | NOTE | |||
r-release-windows-x86_64 | 0.0.1 | 32.00 | 113.00 | 145.00 | NOTE | |
r-oldrel-macos-arm64 | 0.0.1 | 43.00 | NOTE | |||
r-oldrel-macos-x86_64 | 0.0.1 | 57.00 | NOTE | |||
r-oldrel-windows-x86_64 | 0.0.1 | 33.00 | 113.00 | 146.00 | NOTE |
Version: 0.0.1
Check: LazyData
Result: NOTE
'LazyData' is specified without a 'data' directory
Flavors: r-devel-linux-x86_64-debian-clang, r-devel-linux-x86_64-debian-gcc, r-devel-linux-x86_64-fedora-clang, r-devel-linux-x86_64-fedora-gcc, r-devel-windows-x86_64, r-patched-linux-x86_64, r-release-linux-x86_64, r-release-macos-arm64, r-release-macos-x86_64, r-release-windows-x86_64, r-oldrel-macos-arm64, r-oldrel-macos-x86_64, r-oldrel-windows-x86_64