CRAN Package Check Results for Package dematel

Last updated on 2021-12-07 20:52:36 CET.

Flavor Version Tinstall Tcheck Ttotal Status Flags
r-devel-linux-x86_64-debian-clang 0.1.0 3.86 57.64 61.50 OK
r-devel-linux-x86_64-debian-gcc 0.1.0 3.66 43.89 47.55 OK
r-devel-linux-x86_64-fedora-clang 0.1.0 77.22 NOTE
r-devel-linux-x86_64-fedora-gcc 0.1.0 62.31 NOTE
r-devel-windows-x86_64-new-UL 0.1.0 13.00 91.00 104.00 OK
r-devel-windows-x86_64-new-TK 0.1.0 NOTE
r-devel-windows-x86_64-old 0.1.0 9.00 76.00 85.00 OK
r-patched-linux-x86_64 0.1.0 3.89 52.35 56.24 OK
r-release-linux-x86_64 0.1.0 3.85 52.79 56.64 OK
r-release-macos-arm64 0.1.0 NOTE
r-release-macos-x86_64 0.1.0 NOTE
r-release-windows-ix86+x86_64 0.1.0 9.00 71.00 80.00 OK
r-oldrel-macos-x86_64 0.1.0 NOTE
r-oldrel-windows-ix86+x86_64 0.1.0 13.00 66.00 79.00 OK

Check Details

Version: 0.1.0
Check: dependencies in R code
Result: NOTE
    Namespace in Imports field not imported from: ‘knitr’
     All declared Imports should be used.
Flavors: r-devel-linux-x86_64-fedora-clang, r-devel-linux-x86_64-fedora-gcc, r-devel-windows-x86_64-new-TK, r-release-macos-arm64, r-release-macos-x86_64, r-oldrel-macos-x86_64