CRAN Package Check Results for Package deeptrafo

Last updated on 2025-01-23 18:50:23 CET.

Flavor Version Tinstall Tcheck Ttotal Status Flags
r-devel-linux-x86_64-debian-clang 1.0-0 15.85 120.86 136.71 OK
r-devel-linux-x86_64-debian-gcc 1.0-0 11.60 91.32 102.92 NOTE
r-devel-linux-x86_64-fedora-clang 1.0-0 221.41 OK
r-devel-linux-x86_64-fedora-gcc 1.0-0 201.00 OK
r-devel-windows-x86_64 1.0-0 19.00 123.00 142.00 OK
r-patched-linux-x86_64 1.0-0 15.07 111.58 126.65 OK
r-release-linux-x86_64 1.0-0 16.03 110.37 126.40 OK
r-release-macos-arm64 1.0-0 63.00 OK
r-release-macos-x86_64 1.0-0 90.00 OK
r-release-windows-x86_64 1.0-0 17.00 121.00 138.00 OK
r-oldrel-macos-arm64 1.0-0 72.00 OK
r-oldrel-macos-x86_64 1.0-0 103.00 OK
r-oldrel-windows-x86_64 1.0-0 22.00 151.00 173.00 OK

Check Details

Version: 1.0-0
Check: DESCRIPTION meta-information
Result: NOTE Missing dependency on R >= 4.1.0 because package code uses the pipe |> or function shorthand \(...) syntax added in R 4.1.0. File(s) using such syntax: ‘ensembles.R’ ‘methods.R’ Flavor: r-devel-linux-x86_64-debian-gcc