CRAN Package Check Results for Package deepgp

Last updated on 2021-11-26 19:52:47 CET.

Flavor Version Tinstall Tcheck Ttotal Status Flags
r-devel-linux-x86_64-debian-clang 0.2.1 6.71 41.54 48.25 OK
r-devel-linux-x86_64-debian-gcc 0.3.0 25.34 36.83 62.17 OK
r-devel-linux-x86_64-fedora-clang 0.3.0 132.03 OK
r-devel-linux-x86_64-fedora-gcc 0.3.0 114.44 OK
r-devel-windows-x86_64-new-UL 0.3.0 56.00 143.00 199.00 OK
r-devel-windows-x86_64-new-TK 0.2.1 OK
r-devel-windows-x86_64-old 0.2.1 11.00 56.00 67.00 OK
r-patched-linux-x86_64 0.3.0 30.23 47.43 77.66 OK
r-patched-solaris-x86 0.3.0 114.40 WARN
r-release-linux-x86_64 0.3.0 OK
r-release-macos-arm64 0.3.0 WARN
r-release-macos-x86_64 0.3.0 WARN
r-release-windows-ix86+x86_64 0.2.1 16.00 58.00 74.00 OK
r-oldrel-macos-x86_64 0.3.0 WARN
r-oldrel-windows-ix86+x86_64 0.3.0 60.00 74.00 134.00 OK

Additional issues

M1mac

Check Details

Version: 0.3.0
Check: compiled code
Result: WARN
    File ‘deepgp/libs/deepgp.so’:
     Found ‘__assert_c99’, possibly from ‘assert’ (C)
     Object: ‘cov.o’
    
    Compiled code should not call entry points which might terminate R nor
    write to stdout/stderr instead of to the console, nor use Fortran I/O
    nor system RNGs.
    
    See ‘Writing portable packages’ in the ‘Writing R Extensions’ manual.
Flavor: r-patched-solaris-x86

Version: 0.3.0
Check: compiled code
Result: WARN
    File ‘deepgp/libs/deepgp.so’:
     Found ‘___assert_rtn’, possibly from ‘assert’ (C)
     Object: ‘cov.o’
    
    Compiled code should not call entry points which might terminate R nor
    write to stdout/stderr instead of to the console, nor use Fortran I/O
    nor system RNGs.
    
    See ‘Writing portable packages’ in the ‘Writing R Extensions’ manual.
Flavors: r-release-macos-arm64, r-release-macos-x86_64, r-oldrel-macos-x86_64