CRAN Package Check Results for Package decoder

Last updated on 2024-02-21 06:53:07 CET.

Flavor Version Tinstall Tcheck Ttotal Status Flags
r-devel-linux-x86_64-debian-clang 1.2.2 OK
r-devel-linux-x86_64-debian-gcc 1.2.2 4.67 33.09 37.76 OK
r-devel-linux-x86_64-fedora-clang 1.2.2 60.70 NOTE
r-devel-linux-x86_64-fedora-gcc 1.2.2 69.73 NOTE
r-devel-windows-x86_64 1.2.2 8.00 62.00 70.00 OK
r-patched-linux-x86_64 1.2.2 7.82 42.36 50.18 OK
r-release-linux-x86_64 1.2.2 4.95 40.86 45.81 OK
r-release-macos-arm64 1.2.2 32.00 OK
r-release-macos-x86_64 1.2.2 47.00 OK
r-release-windows-x86_64 1.2.2 7.00 66.00 73.00 OK
r-oldrel-macos-arm64 1.2.2 26.00 OK
r-oldrel-windows-x86_64 1.2.2 11.00 64.00 75.00 OK

Check Details

Version: 1.2.2
Check: data for non-ASCII characters
Result: NOTE Note: found 1 marked Latin-1 string Note: found 46826 marked UTF-8 strings Flavors: r-devel-linux-x86_64-fedora-clang, r-devel-linux-x86_64-fedora-gcc