CRAN Package Check Results for Package decido

Last updated on 2024-02-25 18:51:21 CET.

Flavor Version Tinstall Tcheck Ttotal Status Flags
r-devel-linux-x86_64-debian-clang 0.3.0 20.66 34.39 55.05 NOTE
r-devel-linux-x86_64-debian-gcc 0.3.0 15.83 26.56 42.39 NOTE
r-devel-linux-x86_64-fedora-clang 0.3.0 77.23 NOTE
r-devel-linux-x86_64-fedora-gcc 0.3.0 88.58 NOTE
r-devel-windows-x86_64 0.3.0 18.00 74.00 92.00 NOTE
r-patched-linux-x86_64 0.3.0 19.84 32.86 52.70 NOTE
r-release-linux-x86_64 0.3.0 19.02 33.85 52.87 NOTE
r-release-macos-arm64 0.3.0 29.00 NOTE
r-release-macos-x86_64 0.3.0 54.00 NOTE
r-release-windows-x86_64 0.3.0 19.00 78.00 97.00 NOTE
r-oldrel-macos-arm64 0.3.0 25.00 NOTE
r-oldrel-windows-x86_64 0.3.0 22.00 71.00 93.00 NOTE

Check Details

Version: 0.3.0
Check: C++ specification
Result: NOTE Specified C++11: please drop specification unless essential Flavors: r-devel-linux-x86_64-debian-clang, r-devel-linux-x86_64-debian-gcc, r-devel-linux-x86_64-fedora-clang, r-devel-linux-x86_64-fedora-gcc, r-devel-windows-x86_64, r-patched-linux-x86_64, r-release-linux-x86_64, r-release-macos-arm64, r-release-macos-x86_64, r-release-windows-x86_64

Version: 0.3.0
Check: LazyData
Result: NOTE 'LazyData' is specified without a 'data' directory Flavors: r-devel-linux-x86_64-debian-clang, r-devel-linux-x86_64-debian-gcc, r-devel-linux-x86_64-fedora-clang, r-devel-linux-x86_64-fedora-gcc, r-devel-windows-x86_64, r-patched-linux-x86_64, r-release-linux-x86_64, r-release-macos-arm64, r-release-macos-x86_64, r-release-windows-x86_64, r-oldrel-macos-arm64, r-oldrel-windows-x86_64