CRAN Package Check Results for Package ddalpha

Last updated on 2021-09-20 19:52:35 CEST.

Flavor Version Tinstall Tcheck Ttotal Status Flags
r-devel-linux-x86_64-debian-clang 1.3.11 194.77 124.69 319.46 OK
r-devel-linux-x86_64-debian-gcc 1.3.11 115.41 93.54 208.95 OK
r-devel-linux-x86_64-fedora-clang 1.3.11 439.03 NOTE
r-devel-linux-x86_64-fedora-gcc 1.3.11 378.47 OK
r-devel-windows-x86_64 1.3.11 166.00 130.00 296.00 OK
r-devel-windows-x86_64-gcc10-UCRT 1.3.11 ERROR
r-patched-linux-x86_64 1.3.11 146.67 120.64 267.31 OK
r-patched-solaris-x86 1.3.11 402.40 OK
r-release-linux-x86_64 1.3.11 139.92 119.36 259.28 OK
r-release-macos-arm64 1.3.11 NOTE
r-release-macos-x86_64 1.3.11 OK
r-release-windows-ix86+x86_64 1.3.11 445.00 184.00 629.00 OK
r-oldrel-macos-x86_64 1.3.11 OK
r-oldrel-windows-ix86+x86_64 1.3.11 431.00 224.00 655.00 OK

Check Details

Version: 1.3.11
Check: Rd cross-references
Result: NOTE
    Undeclared package ‘fda.usc’ in Rd xrefs
Flavor: r-devel-linux-x86_64-fedora-clang

Version: 1.3.11
Check: whether package can be installed
Result: ERROR
    Installation failed.
Flavor: r-devel-windows-x86_64-gcc10-UCRT

Version: 1.3.11
Check: installed package size
Result: NOTE
     installed size is 5.4Mb
     sub-directories of 1Mb or more:
     libs 4.1Mb
Flavor: r-release-macos-arm64