CRAN Package Check Results for Package dclone

Last updated on 2021-09-24 01:50:02 CEST.

Flavor Version Tinstall Tcheck Ttotal Status Flags
r-devel-linux-x86_64-debian-clang 2.3-0 17.12 139.41 156.53 OK
r-devel-linux-x86_64-debian-gcc 2.3-0 13.85 104.11 117.96 OK
r-devel-linux-x86_64-fedora-clang 2.3-0 191.12 OK
r-devel-linux-x86_64-fedora-gcc 2.3-0 180.66 OK
r-devel-windows-x86_64 2.3-0 19.00 137.00 156.00 OK
r-devel-windows-x86_64-gcc10-UCRT 2.3-0 NOTE
r-patched-linux-x86_64 2.3-0 20.30 131.44 151.74 OK
r-patched-solaris-x86 2.3-0 262.00 NOTE
r-release-linux-x86_64 2.3-0 11.32 131.31 142.63 OK
r-release-macos-arm64 2.3-0 NOTE
r-release-macos-x86_64 2.3-0 NOTE
r-release-windows-ix86+x86_64 2.3-0 37.00 137.00 174.00 OK
r-oldrel-macos-x86_64 2.3-0 NOTE
r-oldrel-windows-ix86+x86_64 2.3-0 27.00 132.00 159.00 OK

Check Details

Version: 2.3-0
Check: package dependencies
Result: NOTE
    Package suggested but not available for checking: 'BRugs'
Flavors: r-devel-windows-x86_64-gcc10-UCRT, r-patched-solaris-x86, r-release-macos-arm64, r-release-macos-x86_64, r-oldrel-macos-x86_64