CRAN Package Check Results for Package dbx

Last updated on 2021-07-23 19:50:00 CEST.

Flavor Version Tinstall Tcheck Ttotal Status Flags
r-devel-linux-x86_64-debian-clang 0.2.8 2.52 30.41 32.93 NOTE
r-devel-linux-x86_64-debian-gcc 0.2.8 2.06 23.67 25.73 NOTE
r-devel-linux-x86_64-fedora-clang 0.2.8 44.41 NOTE
r-devel-linux-x86_64-fedora-gcc 0.2.8 36.59 NOTE
r-devel-windows-x86_64 0.2.8 4.00 36.00 40.00 NOTE
r-devel-windows-x86_64-gcc10-UCRT 0.2.8 NOTE
r-patched-linux-x86_64 0.2.8 3.01 28.97 31.98 NOTE
r-patched-solaris-x86 0.2.8 57.70 NOTE
r-release-linux-x86_64 0.2.8 2.61 29.28 31.89 NOTE
r-release-macos-arm64 0.2.8 NOTE
r-release-macos-x86_64 0.2.8 NOTE
r-release-windows-ix86+x86_64 0.2.8 6.00 35.00 41.00 NOTE
r-oldrel-macos-x86_64 0.2.8 OK
r-oldrel-windows-ix86+x86_64 0.2.8 27.00 47.00 74.00 OK

Check Details

Version: 0.2.8
Check: LazyData
Result: NOTE
     'LazyData' is specified without a 'data' directory
Flavors: r-devel-linux-x86_64-debian-clang, r-devel-linux-x86_64-debian-gcc, r-devel-linux-x86_64-fedora-clang, r-devel-linux-x86_64-fedora-gcc, r-devel-windows-x86_64, r-devel-windows-x86_64-gcc10-UCRT, r-patched-linux-x86_64, r-patched-solaris-x86, r-release-linux-x86_64, r-release-macos-arm64, r-release-macos-x86_64, r-release-windows-ix86+x86_64

Version: 0.2.8
Check: package dependencies
Result: NOTE
    Package suggested but not available for checking: ‘RPostgreSQL’
Flavor: r-devel-linux-x86_64-debian-gcc