CRAN Package Check Results for Package datelife

Last updated on 2022-09-27 00:51:00 CEST.

Flavor Version Tinstall Tcheck Ttotal Status Flags
r-devel-linux-x86_64-debian-clang 0.6.5 22.61 93.47 116.08 OK
r-devel-linux-x86_64-debian-gcc 0.6.5 18.83 70.50 89.33 OK
r-devel-linux-x86_64-fedora-clang 0.6.5 158.52 NOTE
r-devel-linux-x86_64-fedora-gcc 0.6.5 154.61 NOTE
r-devel-windows-x86_64 0.6.5 123.00 168.00 291.00 OK
r-patched-linux-x86_64 0.6.5 27.88 83.61 111.49 OK
r-release-linux-x86_64 0.6.5 21.31 84.02 105.33 OK
r-release-macos-arm64 0.6.5 58.00 NOTE
r-release-macos-x86_64 0.6.5 68.00 NOTE
r-release-windows-x86_64 0.6.5 93.00 134.00 227.00 OK
r-oldrel-macos-arm64 0.6.5 42.00 NOTE
r-oldrel-macos-x86_64 0.6.5 67.00 NOTE
r-oldrel-windows-ix86+x86_64 0.6.5 37.00 123.00 160.00 OK

Check Details

Version: 0.6.5
Check: package dependencies
Result: NOTE
    Package suggested but not available for checking: ‘msa’
    
    Imports includes 21 non-default packages.
    Importing from so many packages makes the package vulnerable to any of
    them becoming unavailable. Move as many as possible to Suggests and
    use conditionally.
Flavor: r-devel-linux-x86_64-fedora-clang

Version: 0.6.5
Check: data for non-ASCII characters
Result: NOTE
     Note: found 2596 marked UTF-8 strings
Flavors: r-devel-linux-x86_64-fedora-clang, r-devel-linux-x86_64-fedora-gcc, r-release-macos-arm64, r-release-macos-x86_64, r-oldrel-macos-arm64, r-oldrel-macos-x86_64

Version: 0.6.5
Check: package dependencies
Result: NOTE
    Package suggested but not available for checking: ‘msa’
Flavors: r-devel-linux-x86_64-fedora-gcc, r-release-macos-arm64, r-release-macos-x86_64, r-oldrel-macos-arm64, r-oldrel-macos-x86_64