CRAN Package Check Results for Package datasailr

Last updated on 2022-10-06 01:49:44 CEST.

Flavor Version Tinstall Tcheck Ttotal Status Flags
r-devel-linux-x86_64-debian-clang 0.8.10 92.51 37.08 129.59 NOTE
r-devel-linux-x86_64-debian-gcc 0.8.10 71.07 28.63 99.70 NOTE
r-devel-linux-x86_64-fedora-clang 0.8.10 188.47 WARN
r-devel-linux-x86_64-fedora-gcc 0.8.10 181.02 WARN
r-devel-windows-x86_64 0.8.10 111.00 91.00 202.00 NOTE
r-patched-linux-x86_64 0.8.10 77.06 36.64 113.70 NOTE
r-release-linux-x86_64 0.8.10 75.92 35.67 111.59 NOTE
r-release-macos-arm64 0.8.10 74.00 NOTE
r-release-macos-x86_64 0.8.10 98.00 NOTE
r-release-windows-x86_64 0.8.10 148.00 87.00 235.00 NOTE
r-oldrel-macos-arm64 0.8.10 84.00 NOTE
r-oldrel-macos-x86_64 0.8.10 109.00 NOTE
r-oldrel-windows-ix86+x86_64 0.8.10 159.00 84.00 243.00 NOTE

Check Details

Version: 0.8.10
Check: for GNU extensions in Makefiles
Result: NOTE
    GNU make is a SystemRequirements.
Flavors: r-devel-linux-x86_64-debian-clang, r-devel-linux-x86_64-debian-gcc, r-devel-linux-x86_64-fedora-clang, r-devel-linux-x86_64-fedora-gcc, r-devel-windows-x86_64, r-patched-linux-x86_64, r-release-linux-x86_64, r-release-macos-arm64, r-release-macos-x86_64, r-release-windows-x86_64, r-oldrel-macos-arm64, r-oldrel-macos-x86_64, r-oldrel-windows-ix86+x86_64

Version: 0.8.10
Check: whether package can be installed
Result: WARN
    Found the following significant warnings:
     ./st.h:69:19: warning: a function declaration without a prototype is deprecated in all versions of C [-Wstrict-prototypes]
     ./st.h:70:23: warning: a function declaration without a prototype is deprecated in all versions of C [-Wstrict-prototypes]
     ./st.h:128:55: warning: a function declaration without a prototype is deprecated in all versions of C [-Wstrict-prototypes]
     ./st.h:129:35: warning: a function declaration without a prototype is deprecated in all versions of C [-Wstrict-prototypes]
     ./st.h:130:41: warning: a function declaration without a prototype is deprecated in all versions of C [-Wstrict-prototypes]
     st.c:1603:46: warning: a function declaration without a prototype is deprecated in all versions of C [-Wstrict-prototypes]
     st.c:1722:38: warning: a function declaration without a prototype is deprecated in all versions of C [-Wstrict-prototypes]
     ./ptr_table.h:53:27: warning: a function declaration without a prototype is deprecated in all versions of C [-Wstrict-prototypes]
     ./script_loc.h:13:27: warning: a function declaration without a prototype is deprecated in all versions of C [-Wstrict-prototypes]
     ./node.h:62:19: warning: a function declaration without a prototype is deprecated in all versions of C [-Wstrict-prototypes]
     ./node.h:72:37: warning: a function declaration without a prototype is deprecated in all versions of C [-Wstrict-prototypes]
     ./node.h:83:31: warning: a function declaration without a prototype is deprecated in all versions of C [-Wstrict-prototypes]
     ./var_hash.h:16:24: warning: a function declaration without a prototype is deprecated in all versions of C [-Wstrict-prototypes]
     ./vm_label.h:4:19: warning: a function declaration without a prototype is deprecated in all versions of C [-Wstrict-prototypes]
     node.c:106:21: warning: a function declaration without a prototype is deprecated in all versions of C [-Wstrict-prototypes]
     node.c:228:24: warning: a function declaration without a prototype is deprecated in all versions of C [-Wstrict-prototypes]
     ptr_table.c:11:16: warning: a function declaration without a prototype is deprecated in all versions of C [-Wstrict-prototypes]
     ./sailr.h:12:43: warning: a function declaration without a prototype is deprecated in all versions of C [-Wstrict-prototypes]
     ./sailr.h:26:42: warning: a function declaration without a prototype is deprecated in all versions of C [-Wstrict-prototypes]
     ./vm/vm_stack.h:93:24: warning: a function declaration without a prototype is deprecated in all versions of C [-Wstrict-prototypes]
     ./vm/func/ext_func/ext_func_hash.h:21:34: warning: a function declaration without a prototype is deprecated in all versions of C [-Wstrict-prototypes]
     sailr.c:46:21: warning: a function declaration without a prototype is deprecated in all versions of C [-Wstrict-prototypes]
     sailr.c:113:20: warning: a function declaration without a prototype is deprecated in all versions of C [-Wstrict-prototypes]
     ./sailr_ext.h:14:47: warning: a function declaration without a prototype is deprecated in all versions of C [-Wstrict-prototypes]
     sailr_ext.c:8:25: warning: a function declaration without a prototype is deprecated in all versions of C [-Wstrict-prototypes]
     script_loc.c:8:9: warning: a function declaration without a prototype is deprecated in all versions of C [-Wstrict-prototypes]
     var_hash.c:12:15: warning: a function declaration without a prototype is deprecated in all versions of C [-Wstrict-prototypes]
     vm_label.c:19:19: warning: a function declaration without a prototype is deprecated in all versions of C [-Wstrict-prototypes]
     vm/vm_stack.h:93:24: warning: a function declaration without a prototype is deprecated in all versions of C [-Wstrict-prototypes]
     vm/func/ext_func/ext_func_hash.h:21:34: warning: a function declaration without a prototype is deprecated in all versions of C [-Wstrict-prototypes]
     vm/vm_stack.c:25:14: warning: a function declaration without a prototype is deprecated in all versions of C [-Wstrict-prototypes]
     simple_re/simple_re.c:10:14: warning: a function declaration without a prototype is deprecated in all versions of C [-Wstrict-prototypes]
     vm/func/ext_func/ext_func_hash.c:6:19: warning: a function declaration without a prototype is deprecated in all versions of C [-Wstrict-prototypes]
Flavor: r-devel-linux-x86_64-fedora-clang

Version: 0.8.10
Check: whether package can be installed
Result: WARN
    Found the following significant warnings:
     st.h:69:5: warning: function declaration isn't a prototype [-Wstrict-prototypes]
     st.h:70:5: warning: function declaration isn't a prototype [-Wstrict-prototypes]
     st.h:128:1: warning: function declaration isn't a prototype [-Wstrict-prototypes]
     st.h:129:1: warning: function declaration isn't a prototype [-Wstrict-prototypes]
     st.h:130:1: warning: function declaration isn't a prototype [-Wstrict-prototypes]
     st.c:1603:1: warning: function declaration isn't a prototype [-Wstrict-prototypes]
     st.c:1722:1: warning: function declaration isn't a prototype [-Wstrict-prototypes]
     ./st.h:69:5: warning: function declaration isn't a prototype [-Wstrict-prototypes]
     ./st.h:70:5: warning: function declaration isn't a prototype [-Wstrict-prototypes]
     ./st.h:128:1: warning: function declaration isn't a prototype [-Wstrict-prototypes]
     ./st.h:129:1: warning: function declaration isn't a prototype [-Wstrict-prototypes]
     ./st.h:130:1: warning: function declaration isn't a prototype [-Wstrict-prototypes]
     ptr_table.h:53:1: warning: function declaration isn’t a prototype [-Wstrict-prototypes]
     script_loc.h:13:8: warning: function declaration isn’t a prototype [-Wstrict-prototypes]
     node.h:62:1: warning: function declaration isn’t a prototype [-Wstrict-prototypes]
     node.h:72:1: warning: function declaration isn’t a prototype [-Wstrict-prototypes]
     node.h:83:1: warning: function declaration isn’t a prototype [-Wstrict-prototypes]
     var_hash.h:16:1: warning: function declaration isn’t a prototype [-Wstrict-prototypes]
     vm_label.h:4:1: warning: function declaration isn’t a prototype [-Wstrict-prototypes]
     ./script_loc.h:13:8: warning: function declaration isn’t a prototype [-Wstrict-prototypes]
     node.c:106:1: warning: function declaration isn’t a prototype [-Wstrict-prototypes]
     node.c:228:11: warning: function declaration isn’t a prototype [-Wstrict-prototypes]
     ptr_table.c:11:1: warning: function declaration isn’t a prototype [-Wstrict-prototypes]
     sailr.h:12:1: warning: function declaration isn’t a prototype [-Wstrict-prototypes]
     sailr.h:26:1: warning: function declaration isn’t a prototype [-Wstrict-prototypes]
     vm/vm_stack.h:93:1: warning: function declaration isn’t a prototype [-Wstrict-prototypes]
     vm/func/ext_func/ext_func_hash.h:21:1: warning: function declaration isn’t a prototype [-Wstrict-prototypes]
     sailr.c:46:1: warning: function declaration isn’t a prototype [-Wstrict-prototypes]
     sailr.c:113:1: warning: function declaration isn’t a prototype [-Wstrict-prototypes]
     script_loc.c:8:1: warning: function declaration isn’t a prototype [-Wstrict-prototypes]
     ./ptr_table.h:53:1: warning: function declaration isn’t a prototype [-Wstrict-prototypes]
     sailr_ext.h:14:1: warning: function declaration isn’t a prototype [-Wstrict-prototypes]
     sailr_ext.c:8:1: warning: function declaration isn’t a prototype [-Wstrict-prototypes]
     var_hash.c:12:1: warning: function declaration isn’t a prototype [-Wstrict-prototypes]
     vm_label.c:19:7: warning: function declaration isn’t a prototype [-Wstrict-prototypes]
     vm/vm_stack.c:25:1: warning: function declaration isn’t a prototype [-Wstrict-prototypes]
     simple_re/simple_re.c:10:1: warning: function declaration isn’t a prototype [-Wstrict-prototypes]
     ./vm/vm_stack.h:93:1: warning: function declaration isn’t a prototype [-Wstrict-prototypes]
     vm/func/ext_func/ext_func_hash.c:6:1: warning: function declaration isn’t a prototype [-Wstrict-prototypes]
Flavor: r-devel-linux-x86_64-fedora-gcc

Version: 0.8.10
Check: installed package size
Result: NOTE
     installed size is 5.0Mb
     sub-directories of 1Mb or more:
     libs 4.6Mb
Flavors: r-release-macos-x86_64, r-oldrel-macos-arm64, r-oldrel-macos-x86_64