CRAN Package Check Results for Package datapasta

Last updated on 2021-09-25 01:50:14 CEST.

Flavor Version Tinstall Tcheck Ttotal Status Flags
r-devel-linux-x86_64-debian-clang 3.1.0 3.20 32.04 35.24 NOTE
r-devel-linux-x86_64-debian-gcc 3.1.0 2.66 25.00 27.66 NOTE
r-devel-linux-x86_64-fedora-clang 3.1.0 51.53 NOTE
r-devel-linux-x86_64-fedora-gcc 3.1.0 40.64 NOTE
r-devel-windows-x86_64 3.1.0 5.00 41.00 46.00 NOTE
r-devel-windows-x86_64-gcc10-UCRT 3.1.0 NOTE
r-patched-linux-x86_64 3.1.0 3.48 31.27 34.75 NOTE
r-patched-solaris-x86 3.1.0 61.20 NOTE
r-release-linux-x86_64 3.1.0 2.76 31.25 34.01 NOTE
r-release-macos-arm64 3.1.0 NOTE
r-release-macos-x86_64 3.1.0 NOTE
r-release-windows-ix86+x86_64 3.1.0 7.00 38.00 45.00 NOTE
r-oldrel-macos-x86_64 3.1.0 OK
r-oldrel-windows-ix86+x86_64 3.1.0 5.00 37.00 42.00 OK

Check Details

Version: 3.1.0
Check: LazyData
Result: NOTE
     'LazyData' is specified without a 'data' directory
Flavors: r-devel-linux-x86_64-debian-clang, r-devel-linux-x86_64-debian-gcc, r-devel-linux-x86_64-fedora-clang, r-devel-linux-x86_64-fedora-gcc, r-devel-windows-x86_64, r-devel-windows-x86_64-gcc10-UCRT, r-patched-linux-x86_64, r-patched-solaris-x86, r-release-linux-x86_64, r-release-macos-arm64, r-release-macos-x86_64, r-release-windows-ix86+x86_64