CRAN Package Check Results for Package datagovindia

Last updated on 2022-10-07 12:54:58 CEST.

Flavor Version Tinstall Tcheck Ttotal Status Flags
r-devel-linux-x86_64-debian-clang 1.0.5 3.62 45.41 49.03 ERROR
r-devel-linux-x86_64-debian-gcc 1.0.5 2.53 46.08 48.61 OK
r-devel-linux-x86_64-fedora-clang 1.0.5 90.10 OK
r-devel-linux-x86_64-fedora-gcc 1.0.5 85.53 OK
r-devel-windows-x86_64 1.0.5 37.00 117.00 154.00 OK
r-patched-linux-x86_64 1.0.5 3.98 59.26 63.24 OK
r-release-linux-x86_64 1.0.5 3.40 58.25 61.65 OK
r-release-macos-arm64 1.0.5 61.00 OK
r-release-macos-x86_64 1.0.5 72.00 OK
r-release-windows-x86_64 1.0.5 26.00 118.00 144.00 OK
r-oldrel-macos-arm64 1.0.5 57.00 OK
r-oldrel-macos-x86_64 1.0.5 72.00 OK
r-oldrel-windows-ix86+x86_64 1.0.5 9.00 70.00 79.00 ERROR

Check Details

Version: 1.0.5
Check: examples
Result: ERROR
    Running examples in 'datagovindia-Ex.R' failed
    The error most likely occurred in:
    
    > base::assign(".ptime", proc.time(), pos = "CheckExEnv")
    > ### Name: check_datagovin_server
    > ### Title: Utility to check the server of data.gov.in APIs
    > ### Aliases: check_datagovin_server
    >
    > ### ** Examples
    >
    > check_datagovin_server()
    Error in curl::curl_fetch_memory(url, handle = handle) :
     server certificate verification failed. CAfile: none CRLfile: none
    Calls: check_datagovin_server ... request_fetch -> request_fetch.write_memory -> <Anonymous>
    Execution halted
Flavor: r-devel-linux-x86_64-debian-clang

Version: 1.0.5
Check: re-building of vignette outputs
Result: ERROR
    Error(s) in re-building vignettes:
     ...
    --- re-building 'datagovindia_vignette.Rmd' using rmarkdown
    Quitting from lines 158-161 (datagovindia_vignette.Rmd)
    Error: processing vignette 'datagovindia_vignette.Rmd' failed with diagnostics:
    server certificate verification failed. CAfile: none CRLfile: none
    --- failed re-building 'datagovindia_vignette.Rmd'
    
    SUMMARY: processing the following file failed:
     'datagovindia_vignette.Rmd'
    
    Error: Vignette re-building failed.
    Execution halted
Flavor: r-devel-linux-x86_64-debian-clang

Version: 1.0.5
Check: examples
Result: ERROR
    Running examples in 'datagovindia-Ex.R' failed
    The error most likely occurred in:
    
    > ### Name: check_datagovin_server
    > ### Title: Utility to check the server of data.gov.in APIs
    > ### Aliases: check_datagovin_server
    >
    > ### ** Examples
    >
    > check_datagovin_server()
    Error in curl::curl_fetch_memory(url, handle = handle) :
     SSL certificate problem: unable to get local issuer certificate
    Calls: check_datagovin_server ... request_fetch -> request_fetch.write_memory -> <Anonymous>
    Execution halted
Flavor: r-oldrel-windows-ix86+x86_64

Version: 1.0.5
Check: re-building of vignette outputs
Result: WARN
    Error(s) in re-building vignettes:
    --- re-building 'datagovindia_vignette.Rmd' using rmarkdown
    Quitting from lines 158-161 (datagovindia_vignette.Rmd)
    Error: processing vignette 'datagovindia_vignette.Rmd' failed with diagnostics:
    SSL certificate problem: unable to get local issuer certificate
    --- failed re-building 'datagovindia_vignette.Rmd'
    
    SUMMARY: processing the following file failed:
     'datagovindia_vignette.Rmd'
    
    Error: Vignette re-building failed.
    Execution halted
Flavor: r-oldrel-windows-ix86+x86_64