CRAN Package Check Results for Package dataMaid

Last updated on 2021-09-20 19:52:35 CEST.

Flavor Version Tinstall Tcheck Ttotal Status Flags
r-devel-linux-x86_64-debian-clang 1.4.0 8.82 87.40 96.22 OK
r-devel-linux-x86_64-debian-gcc 1.4.0 7.42 65.50 72.92 OK
r-devel-linux-x86_64-fedora-clang 1.4.0 122.27 OK
r-devel-linux-x86_64-fedora-gcc 1.4.0 111.95 OK
r-devel-windows-x86_64 1.4.0 12.00 88.00 100.00 OK
r-devel-windows-x86_64-gcc10-UCRT 1.4.0 ERROR
r-patched-linux-x86_64 1.4.0 13.73 80.96 94.69 OK
r-patched-solaris-x86 1.4.0 139.10 OK
r-release-linux-x86_64 1.4.0 8.73 80.56 89.29 OK
r-release-macos-arm64 1.4.0 OK
r-release-macos-x86_64 1.4.0 OK
r-release-windows-ix86+x86_64 1.4.0 21.00 80.00 101.00 OK
r-oldrel-macos-x86_64 1.4.0 OK
r-oldrel-windows-ix86+x86_64 1.4.0 20.00 118.00 138.00 OK

Check Details

Version: 1.4.0
Check: whether package can be installed
Result: WARN
    Found the following significant warnings:
     WARNING: installation-time patches will not be applied, could not get the patches index
Flavor: r-devel-windows-x86_64-gcc10-UCRT

Version: 1.4.0
Check: PDF version of manual
Result: WARN
    LaTeX errors when creating PDF version.
    This typically indicates Rd problems.
Flavor: r-devel-windows-x86_64-gcc10-UCRT

Version: 1.4.0
Check: PDF version of manual without hyperrefs or index
Result: ERROR
    Re-running with no redirection of stdout/stderr.
Flavor: r-devel-windows-x86_64-gcc10-UCRT