CRAN Package Check Results for Package dashCoreComponents

Last updated on 2021-08-04 13:52:53 CEST.

Flavor Version Tinstall Tcheck Ttotal Status Flags
r-devel-linux-x86_64-debian-clang 1.10.0 3.59 28.36 31.95 NOTE
r-devel-linux-x86_64-debian-gcc 1.10.0 2.96 22.63 25.59 NOTE
r-devel-linux-x86_64-fedora-clang 1.10.0 47.78 NOTE
r-devel-linux-x86_64-fedora-gcc 1.10.0 36.97 NOTE
r-devel-windows-x86_64 1.10.0 5.00 44.00 49.00 NOTE
r-devel-windows-x86_64-gcc10-UCRT 1.10.0 NOTE
r-patched-linux-x86_64 1.10.0 4.26 27.88 32.14 NOTE
r-patched-solaris-x86 1.10.0 57.50 NOTE
r-release-linux-x86_64 1.10.0 3.99 27.64 31.63 NOTE
r-release-macos-arm64 1.10.0 NOTE
r-release-macos-x86_64 1.10.0 NOTE
r-release-windows-ix86+x86_64 1.10.0 7.00 50.00 57.00 NOTE
r-oldrel-macos-x86_64 1.10.0 NOTE
r-oldrel-windows-ix86+x86_64 1.10.0 9.00 44.00 53.00 NOTE

Check Details

Version: 1.10.0
Check: LazyData
Result: NOTE
     'LazyData' is specified without a 'data' directory
Flavors: r-devel-linux-x86_64-debian-clang, r-devel-linux-x86_64-debian-gcc, r-devel-linux-x86_64-fedora-clang, r-devel-linux-x86_64-fedora-gcc, r-devel-windows-x86_64, r-devel-windows-x86_64-gcc10-UCRT, r-patched-linux-x86_64, r-patched-solaris-x86, r-release-linux-x86_64, r-release-macos-arm64, r-release-macos-x86_64, r-release-windows-ix86+x86_64

Version: 1.10.0
Check: installed package size
Result: NOTE
     installed size is 11.0Mb
     sub-directories of 1Mb or more:
     deps 10.6Mb
Flavors: r-devel-linux-x86_64-fedora-clang, r-devel-windows-x86_64, r-patched-solaris-x86, r-release-macos-arm64, r-release-macos-x86_64, r-release-windows-ix86+x86_64, r-oldrel-macos-x86_64, r-oldrel-windows-ix86+x86_64