CRAN Package Check Results for Package dartR.base

Last updated on 2024-04-24 00:55:39 CEST.

Flavor Version Tinstall Tcheck Ttotal Status Flags
r-devel-linux-x86_64-debian-clang 0.65 43.60 367.76 411.36 OK
r-devel-linux-x86_64-debian-gcc 0.65 36.77 258.10 294.87 OK
r-devel-linux-x86_64-fedora-clang 0.65 525.04 OK
r-devel-linux-x86_64-fedora-gcc 0.65 513.28 OK
r-prerel-macos-arm64 0.65 117.00 NOTE
r-prerel-macos-x86_64 0.65 233.00 NOTE
r-prerel-windows-x86_64 0.65 42.00 298.00 340.00 OK
r-patched-linux-x86_64 0.65 54.91 343.65 398.56 OK
r-release-linux-x86_64 0.65 38.54 353.13 391.67 OK
r-release-macos-arm64 0.65 122.00 NOTE
r-release-macos-x86_64 0.65 471.00 NOTE
r-release-windows-x86_64 0.65 53.00 381.00 434.00 OK
r-oldrel-macos-arm64 0.65 121.00 NOTE
r-oldrel-windows-x86_64 0.65 51.00 354.00 405.00 OK

Check Details

Version: 0.65
Check: installed package size
Result: NOTE installed size is 5.1Mb sub-directories of 1Mb or more: R 2.0Mb help 2.2Mb Flavors: r-prerel-macos-arm64, r-prerel-macos-x86_64, r-release-macos-arm64, r-release-macos-x86_64, r-oldrel-macos-arm64

Version: 0.65
Check: package dependencies
Result: NOTE Package suggested but not available for checking: ‘snpStats’ Flavors: r-prerel-macos-x86_64, r-release-macos-arm64

Version: 0.65
Check: Rd cross-references
Result: NOTE Package unavailable to check Rd xrefs: ‘snpStats’ Flavors: r-prerel-macos-x86_64, r-release-macos-arm64