CRAN Package Check Results for Package danstat

Last updated on 2021-08-01 13:49:29 CEST.

Flavor Version Tinstall Tcheck Ttotal Status Flags
r-devel-linux-x86_64-debian-clang 0.1.0 3.55 44.56 48.11 NOTE
r-devel-linux-x86_64-debian-gcc 0.1.0 2.54 33.89 36.43 NOTE
r-devel-linux-x86_64-fedora-clang 0.1.0 66.90 NOTE
r-devel-linux-x86_64-fedora-gcc 0.1.0 55.07 NOTE
r-devel-windows-x86_64 0.1.0 6.00 75.00 81.00 NOTE
r-devel-windows-x86_64-gcc10-UCRT 0.1.0 NOTE
r-patched-linux-x86_64 0.1.0 NOTE
r-patched-solaris-x86 0.1.0 77.60 NOTE
r-release-linux-x86_64 0.1.0 2.92 42.68 45.60 NOTE
r-release-macos-arm64 0.1.0 WARN
r-release-macos-x86_64 0.1.0 NOTE
r-release-windows-ix86+x86_64 0.1.0 10.00 75.00 85.00 NOTE
r-oldrel-macos-x86_64 0.1.0 OK
r-oldrel-windows-ix86+x86_64 0.1.0 6.00 75.00 81.00 OK

Check Details

Version: 0.1.0
Check: LazyData
Result: NOTE
     'LazyData' is specified without a 'data' directory
Flavors: r-devel-linux-x86_64-debian-clang, r-devel-linux-x86_64-debian-gcc, r-devel-linux-x86_64-fedora-clang, r-devel-linux-x86_64-fedora-gcc, r-devel-windows-x86_64, r-devel-windows-x86_64-gcc10-UCRT, r-patched-linux-x86_64, r-patched-solaris-x86, r-release-linux-x86_64, r-release-macos-arm64, r-release-macos-x86_64, r-release-windows-ix86+x86_64

Version: 0.1.0
Check: re-building of vignette outputs
Result: WARN
    Error(s) in re-building vignettes:
     ...
    --- re-building ‘Introduction_to_danstat.Rmd’ using rmarkdown
    Warning in engine$weave(file, quiet = quiet, encoding = enc) :
     Pandoc (>= 1.12.3) not available. Falling back to R Markdown v1.
    Quitting from lines 113-125 (Introduction_to_danstat.Rmd)
    Error: processing vignette 'Introduction_to_danstat.Rmd' failed with diagnostics:
    polygon edge not found
    --- failed re-building ‘Introduction_to_danstat.Rmd’
    
    SUMMARY: processing the following file failed:
     ‘Introduction_to_danstat.Rmd’
    
    Error: Vignette re-building failed.
    Execution halted
Flavor: r-release-macos-arm64