CRAN Package Check Results for Package dams

Last updated on 2024-02-25 12:51:45 CET.

Flavor Version Tinstall Tcheck Ttotal Status Flags
r-devel-linux-x86_64-debian-clang 0.3.0 8.42 55.43 63.85 OK
r-devel-linux-x86_64-debian-gcc 0.3.0 6.41 43.28 49.69 OK
r-devel-linux-x86_64-fedora-clang 0.3.0 79.49 NOTE
r-devel-linux-x86_64-fedora-gcc 0.3.0 88.78 NOTE
r-devel-windows-x86_64 0.3.0 8.00 63.00 71.00 OK
r-patched-linux-x86_64 0.3.0 7.61 57.86 65.47 OK
r-release-linux-x86_64 0.3.0 7.03 57.79 64.82 OK
r-release-macos-arm64 0.3.0 37.00 OK
r-release-macos-x86_64 0.3.0 56.00 OK
r-release-windows-x86_64 0.3.0 11.00 72.00 83.00 OK
r-oldrel-macos-arm64 0.3.0 36.00 NOTE
r-oldrel-windows-x86_64 0.3.0 11.00 77.00 88.00 OK

Check Details

Version: 0.3.0
Check: data for non-ASCII characters
Result: NOTE Note: found 5 marked UTF-8 strings Flavors: r-devel-linux-x86_64-fedora-clang, r-devel-linux-x86_64-fedora-gcc, r-oldrel-macos-arm64