CRAN Package Check Results for Package daiR

Last updated on 2024-06-14 00:53:39 CEST.

Flavor Version Tinstall Tcheck Ttotal Status Flags
r-devel-linux-x86_64-debian-clang 1.0.0 10.66 117.69 128.35 OK
r-devel-linux-x86_64-debian-gcc 1.0.0 0.96 1.89 2.85 ERROR
r-devel-linux-x86_64-fedora-clang 1.0.0 160.65 OK
r-devel-linux-x86_64-fedora-gcc 1.0.0 161.18 OK
r-devel-windows-x86_64 1.0.0 8.00 112.00 120.00 OK
r-patched-linux-x86_64 1.0.0 8.43 112.70 121.13 OK
r-release-linux-x86_64 1.0.0 5.50 115.59 121.09 OK
r-release-macos-arm64 1.0.0 55.00 OK
r-release-macos-x86_64 1.0.0 83.00 OK
r-release-windows-x86_64 1.0.0 9.00 114.00 123.00 OK
r-oldrel-macos-arm64 1.0.0 63.00 OK
r-oldrel-macos-x86_64 1.0.0 117.00 OK
r-oldrel-windows-x86_64 1.0.0 12.00 128.00 140.00 OK

Check Details

Version: 1.0.0
Check: package dependencies
Result: ERROR Packages required but not available: 'beepr', 'magick', 'purrr', 'readtext', 'stringr' Package suggested but not available for checking: ‘testthat’ See section ‘The DESCRIPTION file’ in the ‘Writing R Extensions’ manual. Flavor: r-devel-linux-x86_64-debian-gcc