CRAN Package Check Results for Package dagitty

Last updated on 2023-05-30 06:57:27 CEST.

Flavor Version Tinstall Tcheck Ttotal Status Flags
r-devel-linux-x86_64-debian-clang 0.3-1 5.42 57.70 63.12 NOTE
r-devel-linux-x86_64-debian-gcc 0.3-1 4.61 43.55 48.16 NOTE
r-devel-linux-x86_64-fedora-clang 0.3-1 77.87 NOTE
r-devel-linux-x86_64-fedora-gcc 0.3-1 85.43 NOTE
r-devel-windows-x86_64 0.3-1 6.00 66.00 72.00 NOTE
r-patched-linux-x86_64 0.3-1 6.03 54.87 60.90 NOTE
r-release-linux-x86_64 0.3-1 5.99 54.14 60.13 NOTE
r-release-macos-arm64 0.3-1 34.00 NOTE
r-release-macos-x86_64 0.3-1 48.00 NOTE
r-release-windows-x86_64 0.3-1 9.00 73.00 82.00 NOTE
r-oldrel-macos-arm64 0.3-1 29.00 NOTE
r-oldrel-macos-x86_64 0.3-1 40.00 NOTE
r-oldrel-windows-x86_64 0.3-1 8.00 72.00 80.00 NOTE

Check Details

Version: 0.3-1
Check: LazyData
Result: NOTE
     'LazyData' is specified without a 'data' directory
Flavors: r-devel-linux-x86_64-debian-clang, r-devel-linux-x86_64-debian-gcc, r-devel-linux-x86_64-fedora-clang, r-devel-linux-x86_64-fedora-gcc, r-devel-windows-x86_64, r-patched-linux-x86_64, r-release-linux-x86_64, r-release-macos-arm64, r-release-macos-x86_64, r-release-windows-x86_64, r-oldrel-macos-arm64, r-oldrel-macos-x86_64, r-oldrel-windows-x86_64